CRAN Package Check Results for Package sdcTable

Last updated on 2021-08-04 02:50:16 CEST.

Flavor Version Tinstall Tcheck Ttotal Status Flags
r-devel-linux-x86_64-debian-clang 0.31 71.49 110.04 181.53 OK
r-devel-linux-x86_64-debian-gcc 0.31 50.37 77.12 127.49 OK
r-devel-linux-x86_64-fedora-clang 0.31 233.80 NOTE
r-devel-linux-x86_64-fedora-gcc 0.31 212.80 NOTE
r-devel-windows-x86_64 0.31 78.00 142.00 220.00 OK
r-devel-windows-x86_64-gcc10-UCRT 0.31 NOTE
r-patched-linux-x86_64 0.31 59.22 99.19 158.41 OK
r-patched-solaris-x86 0.31 235.40 NOTE
r-release-linux-x86_64 0.31 60.99 97.93 158.92 OK
r-release-macos-arm64 0.31 NOTE
r-release-macos-x86_64 0.31 NOTE
r-release-windows-ix86+x86_64 0.31 145.00 172.00 317.00 NOTE
r-oldrel-macos-x86_64 0.31 NOTE
r-oldrel-windows-ix86+x86_64 0.31 109.00 168.00 277.00 NOTE

Check Details

Version: 0.31
Check: dependencies in R code
Result: NOTE
    Namespace in Imports field not imported from: 'lpSolveAPI'
     All declared Imports should be used.
Flavors: r-devel-linux-x86_64-fedora-clang, r-devel-linux-x86_64-fedora-gcc, r-devel-windows-x86_64-gcc10-UCRT, r-patched-solaris-x86, r-release-macos-arm64, r-release-macos-x86_64, r-oldrel-macos-x86_64

Version: 0.31
Check: installed package size
Result: NOTE
     installed size is 7.1Mb
     sub-directories of 1Mb or more:
     R 2.0Mb
     libs 4.7Mb
Flavors: r-release-macos-arm64, r-release-macos-x86_64, r-release-windows-ix86+x86_64, r-oldrel-macos-x86_64, r-oldrel-windows-ix86+x86_64