Last updated on 2022-06-29 02:55:21 CEST.
Flavor | Version | Tinstall | Tcheck | Ttotal | Status | Flags |
---|---|---|---|---|---|---|
r-devel-linux-x86_64-debian-clang | 2.1.7 | 6.40 | 244.53 | 250.93 | OK | |
r-devel-linux-x86_64-debian-gcc | 2.1.7 | 5.14 | 178.99 | 184.13 | OK | |
r-devel-linux-x86_64-fedora-clang | 2.1.7 | 299.58 | OK | |||
r-devel-linux-x86_64-fedora-gcc | 2.1.7 | 251.68 | OK | |||
r-devel-windows-x86_64 | 2.1.7 | 24.00 | 284.00 | 308.00 | NOTE | |
r-patched-linux-x86_64 | 2.1.7 | 6.46 | 232.23 | 238.69 | OK | |
r-release-linux-x86_64 | 2.1.7 | 4.61 | 236.15 | 240.76 | OK | |
r-release-macos-arm64 | 2.1.7 | 64.00 | OK | |||
r-release-macos-x86_64 | 2.1.7 | 155.00 | OK | |||
r-release-windows-x86_64 | 2.1.7 | 21.00 | 279.00 | 300.00 | NOTE | |
r-oldrel-macos-arm64 | 2.1.7 | 87.00 | OK | |||
r-oldrel-macos-x86_64 | 2.1.7 | 116.00 | OK | |||
r-oldrel-windows-ix86+x86_64 | 2.1.7 | 20.00 | 446.00 | 466.00 | NOTE |
Version: 2.1.7
Check: package dependencies
Result: NOTE
Package which this enhances but not available for checking: 'doMC'
Flavors: r-devel-windows-x86_64, r-release-windows-x86_64, r-oldrel-windows-ix86+x86_64