CRAN Package Check Results for Package secure

Last updated on 2022-10-04 02:54:52 CEST.

Flavor Version Tinstall Tcheck Ttotal Status Flags
r-devel-linux-x86_64-debian-clang 0.6 51.07 40.21 91.28 OK
r-devel-linux-x86_64-debian-gcc 0.6 37.04 30.92 67.96 OK
r-devel-linux-x86_64-fedora-clang 0.6 128.21 OK
r-devel-linux-x86_64-fedora-gcc 0.6 118.79 OK
r-devel-windows-x86_64 0.6 40.00 85.00 125.00 OK
r-patched-linux-x86_64 0.6 40.41 38.42 78.83 OK
r-release-linux-x86_64 0.6 37.91 36.93 74.84 OK
r-release-macos-arm64 0.6 36.00 OK
r-release-macos-x86_64 0.6 45.00 OK
r-release-windows-x86_64 0.6 47.00 87.00 134.00 OK
r-oldrel-macos-arm64 0.6 41.00 NOTE
r-oldrel-macos-x86_64 0.6 61.00 OK
r-oldrel-windows-ix86+x86_64 0.6 105.00 97.00 202.00 OK

Check Details

Version: 0.6
Check: installed package size
Result: NOTE
     installed size is 5.6Mb
     sub-directories of 1Mb or more:
     libs 4.6Mb
Flavor: r-oldrel-macos-arm64