CRAN Package Check Results for Package see

Last updated on 2021-09-18 02:52:10 CEST.

Flavor Version Tinstall Tcheck Ttotal Status Flags
r-devel-linux-x86_64-debian-clang 0.6.7 12.06 200.51 212.57 OK
r-devel-linux-x86_64-debian-gcc 0.6.7 9.85 138.75 148.60 OK
r-devel-linux-x86_64-fedora-clang 0.6.7 247.19 OK
r-devel-linux-x86_64-fedora-gcc 0.6.7 243.44 OK
r-devel-windows-x86_64 0.6.7 15.00 260.00 275.00 OK
r-devel-windows-x86_64-gcc10-UCRT 0.6.7 OK
r-patched-linux-x86_64 0.6.7 10.62 185.22 195.84 OK
r-patched-solaris-x86 0.6.7 361.50 NOTE
r-release-linux-x86_64 0.6.7 9.30 186.80 196.10 OK
r-release-macos-arm64 0.6.7 OK
r-release-macos-x86_64 0.6.7 OK
r-release-windows-ix86+x86_64 0.6.7 23.00 186.00 209.00 OK
r-oldrel-macos-x86_64 0.6.7 OK
r-oldrel-windows-ix86+x86_64 0.6.7 27.00 184.00 211.00 OK

Check Details

Version: 0.6.7
Check: package dependencies
Result: NOTE
    Package suggested but not available for checking: ‘glmmTMB’
Flavor: r-patched-solaris-x86