CRAN Package Check Results for Package seewave

Last updated on 2021-05-16 02:50:03 CEST.

Flavor Version Tinstall Tcheck Ttotal Status Flags
r-devel-linux-x86_64-debian-clang 2.1.6 16.47 149.84 166.31 OK
r-devel-linux-x86_64-debian-gcc 2.1.6 11.75 114.79 126.54 OK
r-devel-linux-x86_64-fedora-clang 2.1.6 217.24 OK
r-devel-linux-x86_64-fedora-gcc 2.1.6 195.31 OK
r-devel-windows-ix86+x86_64 2.1.6 24.00 149.00 173.00 OK
r-devel-windows-x86_64-gcc10-UCRT 2.1.6 OK
r-patched-linux-x86_64 2.1.6 20.40 146.43 166.83 OK
r-patched-solaris-x86 2.1.6 239.80 OK
r-release-linux-x86_64 2.1.6 14.73 141.39 156.12 OK
r-release-macos-x86_64 2.1.6 NOTE
r-release-windows-ix86+x86_64 2.1.6 17.00 193.00 210.00 OK
r-oldrel-macos-x86_64 2.1.6 NOTE
r-oldrel-windows-ix86+x86_64 2.1.6 17.00 170.00 187.00 OK

Check Details

Version: 2.1.6
Check: package dependencies
Result: NOTE
    Package suggested but not available for checking: ‘rpanel’
Flavors: r-release-macos-x86_64, r-oldrel-macos-x86_64