Last updated on 2023-03-30 02:50:54 CEST.
Flavor | Version | Tinstall | Tcheck | Ttotal | Status | Flags |
---|---|---|---|---|---|---|
r-devel-linux-x86_64-debian-clang | 0.6.1 | 14.01 | 169.18 | 183.19 | OK | |
r-devel-linux-x86_64-debian-gcc | 0.6.1 | 14.18 | 126.60 | 140.78 | OK | |
r-devel-linux-x86_64-fedora-clang | 0.6.1 | 230.68 | OK | |||
r-devel-linux-x86_64-fedora-gcc | 0.6.1 | 266.45 | OK | |||
r-patched-linux-x86_64 | 0.6.1 | 25.74 | 162.45 | 188.19 | OK | |
r-release-linux-x86_64 | 0.6.1 | 15.06 | 161.15 | 176.21 | OK | |
r-release-macos-arm64 | 0.6.1 | 60.00 | OK | |||
r-release-macos-x86_64 | 0.6.1 | 86.00 | OK | |||
r-release-windows-x86_64 | 0.6.1 | 43.00 | 207.00 | 250.00 | OK | |
r-oldrel-macos-arm64 | 0.6.1 | 58.00 | OK | |||
r-oldrel-macos-x86_64 | 0.6.1 | 90.00 | OK | |||
r-oldrel-windows-ix86+x86_64 | 0.6.1 | 35.00 | 197.00 | 232.00 | ERROR |
Version: 0.6.1
Check: PDF version of manual
Result: WARN
LaTeX errors when creating PDF version.
This typically indicates Rd problems.
LaTeX errors found:
! Package inputenc Error: Unicode char â<c2><80><c2><90> (U+2010)
(inputenc) not set up for use with LaTeX.
See the inputenc package documentation for explanation.
Type H <return> for immediate help.
! Package inputenc Error: Unicode char â<c2><80><c2><90> (U+2010)
(inputenc) not set up for use with LaTeX.
See the inputenc package documentation for explanation.
Type H <return> for immediate help.
Flavor: r-oldrel-windows-ix86+x86_64
Version: 0.6.1
Check: PDF version of manual without hyperrefs or index
Result: ERROR
Flavor: r-oldrel-windows-ix86+x86_64