CRAN Package Check Results for Package settings

Last updated on 2021-09-22 02:49:46 CEST.

Flavor Version Tinstall Tcheck Ttotal Status Flags
r-devel-linux-x86_64-debian-clang 0.2.7 1.94 27.33 29.27 OK
r-devel-linux-x86_64-debian-gcc 0.2.7 1.68 21.99 23.67 OK
r-devel-linux-x86_64-fedora-clang 0.2.7 46.08 OK
r-devel-linux-x86_64-fedora-gcc 0.2.7 35.82 OK
r-devel-windows-x86_64 0.2.7 4.00 40.00 44.00 OK
r-devel-windows-x86_64-gcc10-UCRT 0.2.7 ERROR
r-patched-linux-x86_64 0.2.7 1.98 27.67 29.65 OK
r-patched-solaris-x86 0.2.7 56.10 OK
r-release-linux-x86_64 0.2.7 2.01 27.58 29.59 OK
r-release-macos-arm64 0.2.7 OK
r-release-macos-x86_64 0.2.7 OK
r-release-windows-ix86+x86_64 0.2.7 5.00 36.00 41.00 OK
r-oldrel-macos-x86_64 0.2.7 OK
r-oldrel-windows-ix86+x86_64 0.2.7 7.00 34.00 41.00 OK

Check Details

Version: 0.2.7
Check: whether package can be installed
Result: WARN
    Found the following significant warnings:
     WARNING: installation-time patches will not be applied, could not get the patches index
Flavor: r-devel-windows-x86_64-gcc10-UCRT

Version: 0.2.7
Check: PDF version of manual
Result: WARN
    LaTeX errors when creating PDF version.
    This typically indicates Rd problems.
Flavor: r-devel-windows-x86_64-gcc10-UCRT

Version: 0.2.7
Check: PDF version of manual without hyperrefs or index
Result: ERROR
    Re-running with no redirection of stdout/stderr.
Flavor: r-devel-windows-x86_64-gcc10-UCRT