CRAN Package Check Results for Package shapper

Last updated on 2021-10-23 01:49:14 CEST.

Flavor Version Tinstall Tcheck Ttotal Status Flags
r-devel-linux-x86_64-debian-clang 0.1.3 9.54 89.31 98.85 NOTE
r-devel-linux-x86_64-debian-gcc 0.1.3 7.69 67.43 75.12 NOTE
r-devel-linux-x86_64-fedora-clang 0.1.3 130.70 NOTE
r-devel-linux-x86_64-fedora-gcc 0.1.3 121.40 NOTE
r-devel-windows-x86_64 0.1.3 15.00 99.00 114.00 NOTE
r-devel-windows-x86_64-gcc10-UCRT 0.1.3 NOTE
r-patched-linux-x86_64 0.1.3 9.70 84.11 93.81 NOTE
r-patched-solaris-x86 0.1.3 175.50 NOTE
r-release-linux-x86_64 0.1.3 8.74 83.73 92.47 NOTE
r-release-macos-arm64 0.1.3 NOTE
r-release-macos-x86_64 0.1.3 NOTE
r-release-windows-ix86+x86_64 0.1.3 18.00 133.00 151.00 NOTE
r-oldrel-macos-x86_64 0.1.3 OK
r-oldrel-windows-ix86+x86_64 0.1.3 23.00 127.00 150.00 OK

Check Details

Version: 0.1.3
Check: LazyData
Result: NOTE
     'LazyData' is specified without a 'data' directory
Flavors: r-devel-linux-x86_64-debian-clang, r-devel-linux-x86_64-debian-gcc, r-devel-linux-x86_64-fedora-clang, r-devel-linux-x86_64-fedora-gcc, r-devel-windows-x86_64, r-devel-windows-x86_64-gcc10-UCRT, r-patched-linux-x86_64, r-patched-solaris-x86, r-release-linux-x86_64, r-release-macos-arm64, r-release-macos-x86_64, r-release-windows-ix86+x86_64