CRAN Package Check Results for Package shapr

Last updated on 2022-07-02 02:53:14 CEST.

Flavor Version Tinstall Tcheck Ttotal Status Flags
r-devel-linux-x86_64-debian-clang 0.2.0 73.55 157.56 231.11 NOTE
r-devel-linux-x86_64-debian-gcc 0.2.0 63.04 116.95 179.99 NOTE
r-devel-linux-x86_64-fedora-clang 0.2.0 296.35 NOTE
r-devel-linux-x86_64-fedora-gcc 0.2.0 274.04 NOTE
r-devel-windows-x86_64 0.2.0 100.00 158.00 258.00 NOTE
r-patched-linux-x86_64 0.2.0 64.12 131.40 195.52 NOTE
r-release-linux-x86_64 0.2.0 71.84 130.42 202.26 NOTE
r-release-macos-arm64 0.2.0 69.00 NOTE
r-release-macos-x86_64 0.2.0 95.00 NOTE
r-release-windows-x86_64 0.2.0 98.00 169.00 267.00 NOTE
r-oldrel-macos-arm64 0.2.0 92.00 NOTE
r-oldrel-macos-x86_64 0.2.0 137.00 NOTE
r-oldrel-windows-ix86+x86_64 0.2.0 204.00 225.00 429.00 NOTE

Check Details

Version: 0.2.0
Check: LazyData
Result: NOTE
     'LazyData' is specified without a 'data' directory
Flavors: r-devel-linux-x86_64-debian-clang, r-devel-linux-x86_64-debian-gcc, r-devel-linux-x86_64-fedora-clang, r-devel-linux-x86_64-fedora-gcc, r-devel-windows-x86_64, r-patched-linux-x86_64, r-release-linux-x86_64, r-release-macos-arm64, r-release-macos-x86_64, r-release-windows-x86_64, r-oldrel-macos-arm64, r-oldrel-macos-x86_64, r-oldrel-windows-ix86+x86_64