CRAN Package Check Results for Package shinyAce

Last updated on 2021-11-27 02:49:30 CET.

Flavor Version Tinstall Tcheck Ttotal Status Flags
r-devel-linux-x86_64-debian-clang 0.4.1 4.88 41.77 46.65 OK
r-devel-linux-x86_64-debian-gcc 0.4.1 4.23 35.32 39.55 OK
r-devel-linux-x86_64-fedora-clang 0.4.1 67.01 NOTE
r-devel-linux-x86_64-fedora-gcc 0.4.1 65.13 OK
r-devel-windows-x86_64-new-UL 0.4.1 36.00 90.00 126.00 NOTE
r-devel-windows-x86_64-new-TK 0.4.1 OK
r-devel-windows-x86_64-old 0.4.1 7.00 75.00 82.00 NOTE
r-patched-linux-x86_64 0.4.1 5.56 41.43 46.99 OK
r-patched-solaris-x86 0.4.1 86.40 NOTE
r-release-linux-x86_64 0.4.1 OK
r-release-macos-arm64 0.4.1 NOTE
r-release-macos-x86_64 0.4.1 NOTE
r-release-windows-ix86+x86_64 0.4.1 14.00 46.00 60.00 NOTE
r-oldrel-macos-x86_64 0.4.1 NOTE
r-oldrel-windows-ix86+x86_64 0.4.1 9.00 73.00 82.00 NOTE

Check Details

Version: 0.4.1
Check: installed package size
Result: NOTE
     installed size is 8.2Mb
     sub-directories of 1Mb or more:
     www 7.7Mb
Flavors: r-devel-linux-x86_64-fedora-clang, r-devel-windows-x86_64-new-UL, r-devel-windows-x86_64-old, r-patched-solaris-x86, r-release-macos-arm64, r-release-macos-x86_64, r-release-windows-ix86+x86_64, r-oldrel-macos-x86_64, r-oldrel-windows-ix86+x86_64