CRAN Package Check Results for Package shinyalert

Last updated on 2021-10-16 02:49:44 CEST.

Flavor Version Tinstall Tcheck Ttotal Status Flags
r-devel-linux-x86_64-debian-clang 2.0.0 2.05 23.50 25.55 NOTE
r-devel-linux-x86_64-debian-gcc 2.0.0 1.77 18.89 20.66 NOTE
r-devel-linux-x86_64-fedora-clang 2.0.0 41.55 NOTE
r-devel-linux-x86_64-fedora-gcc 2.0.0 31.25 NOTE
r-devel-windows-x86_64 2.0.0 5.00 39.00 44.00 NOTE
r-devel-windows-x86_64-gcc10-UCRT 2.0.0 NOTE
r-patched-linux-x86_64 2.0.0 2.21 23.23 25.44 NOTE
r-patched-solaris-x86 2.0.0 46.70 NOTE
r-release-linux-x86_64 2.0.0 1.96 22.89 24.85 NOTE
r-release-macos-arm64 2.0.0 NOTE
r-release-macos-x86_64 2.0.0 NOTE
r-release-windows-ix86+x86_64 2.0.0 6.00 43.00 49.00 NOTE
r-oldrel-macos-x86_64 2.0.0 NOTE
r-oldrel-windows-ix86+x86_64 2.0.0 7.00 43.00 50.00 OK

Check Details

Version: 2.0.0
Check: LazyData
Result: NOTE
     'LazyData' is specified without a 'data' directory
Flavors: r-devel-linux-x86_64-debian-clang, r-devel-linux-x86_64-debian-gcc, r-devel-linux-x86_64-fedora-clang, r-devel-linux-x86_64-fedora-gcc, r-devel-windows-x86_64, r-devel-windows-x86_64-gcc10-UCRT, r-patched-linux-x86_64, r-patched-solaris-x86, r-release-linux-x86_64, r-release-macos-arm64, r-release-macos-x86_64, r-release-windows-ix86+x86_64

Version: 2.0.0
Check: dependencies in R code
Result: NOTE
    Namespace in Imports field not imported from: ‘stats’
     All declared Imports should be used.
Flavors: r-devel-linux-x86_64-fedora-clang, r-devel-linux-x86_64-fedora-gcc, r-devel-windows-x86_64-gcc10-UCRT, r-patched-solaris-x86, r-release-macos-arm64, r-release-macos-x86_64, r-oldrel-macos-x86_64