CRAN Package Check Results for Package shinyloadtest

Last updated on 2021-08-04 02:50:17 CEST.

Flavor Version Tinstall Tcheck Ttotal Status Flags
r-devel-linux-x86_64-debian-clang 1.1.0 7.94 54.72 62.66 OK
r-devel-linux-x86_64-debian-gcc 1.1.0 6.72 40.65 47.37 OK
r-devel-linux-x86_64-fedora-clang 1.1.0 83.65 NOTE
r-devel-linux-x86_64-fedora-gcc 1.1.0 72.23 NOTE
r-devel-windows-x86_64 1.1.0 12.00 73.00 85.00 OK
r-devel-windows-x86_64-gcc10-UCRT 1.1.0 NOTE
r-patched-linux-x86_64 1.1.0 7.57 50.85 58.42 OK
r-patched-solaris-x86 1.1.0 103.20 NOTE
r-release-linux-x86_64 1.1.0 8.63 51.56 60.19 OK
r-release-macos-arm64 1.1.0 NOTE
r-release-macos-x86_64 1.1.0 NOTE
r-release-windows-ix86+x86_64 1.1.0 18.00 75.00 93.00 OK
r-oldrel-macos-x86_64 1.1.0 NOTE
r-oldrel-windows-ix86+x86_64 1.1.0 13.00 77.00 90.00 OK

Check Details

Version: 1.1.0
Check: dependencies in R code
Result: NOTE
    Namespaces in Imports field not imported from:
     ‘R6’ ‘scales’ ‘websocket’
     All declared Imports should be used.
Flavors: r-devel-linux-x86_64-fedora-clang, r-devel-linux-x86_64-fedora-gcc, r-devel-windows-x86_64-gcc10-UCRT, r-patched-solaris-x86, r-release-macos-arm64, r-release-macos-x86_64, r-oldrel-macos-x86_64