CRAN Package Check Results for Package sicegar

Last updated on 2021-10-27 02:52:50 CEST.

Flavor Version Tinstall Tcheck Ttotal Status Flags
r-devel-linux-x86_64-debian-clang 0.2.4 2.97 85.36 88.33 OK
r-devel-linux-x86_64-debian-gcc 0.2.4 2.84 63.32 66.16 OK
r-devel-linux-x86_64-fedora-clang 0.2.4 113.86 NOTE
r-devel-linux-x86_64-fedora-gcc 0.2.4 104.63 NOTE
r-devel-windows-x86_64 0.2.4 6.00 98.00 104.00 OK
r-devel-windows-x86_64-gcc10-UCRT 0.2.4 NOTE
r-patched-linux-x86_64 0.2.4 2.72 92.68 95.40 OK
r-patched-solaris-x86 0.2.4 152.00 NOTE
r-release-linux-x86_64 0.2.4 3.06 92.21 95.27 OK
r-release-macos-arm64 0.2.4 NOTE
r-release-macos-x86_64 0.2.4 NOTE
r-release-windows-ix86+x86_64 0.2.4 5.00 125.00 130.00 OK
r-oldrel-macos-x86_64 0.2.4 NOTE
r-oldrel-windows-ix86+x86_64 0.2.4 7.00 139.00 146.00 OK

Check Details

Version: 0.2.4
Check: dependencies in R code
Result: NOTE
    Namespace in Imports field not imported from: ‘dplyr’
     All declared Imports should be used.
Flavors: r-devel-linux-x86_64-fedora-clang, r-devel-linux-x86_64-fedora-gcc, r-devel-windows-x86_64-gcc10-UCRT, r-patched-solaris-x86, r-release-macos-arm64, r-release-macos-x86_64, r-oldrel-macos-x86_64