CRAN Package Check Results for Package sigQC

Last updated on 2021-05-14 02:49:29 CEST.

Flavor Version Tinstall Tcheck Ttotal Status Flags
r-devel-linux-x86_64-debian-clang 0.1.22 7.61 56.39 64.00 OK
r-devel-linux-x86_64-debian-gcc 0.1.22 5.53 42.90 48.43 OK
r-devel-linux-x86_64-fedora-clang 0.1.22 87.59 NOTE
r-devel-linux-x86_64-fedora-gcc 0.1.22 81.47 NOTE
r-devel-windows-ix86+x86_64 0.1.22 14.00 57.00 71.00 OK
r-devel-windows-x86_64-gcc10-UCRT 0.1.22 NOTE
r-patched-linux-x86_64 0.1.22 6.50 54.32 60.82 OK
r-patched-solaris-x86 0.1.22 105.70 NOTE
r-release-linux-x86_64 0.1.22 6.63 49.24 55.87 OK
r-release-macos-x86_64 0.1.22 ERROR
r-release-windows-ix86+x86_64 0.1.22 10.00 81.00 91.00 OK
r-oldrel-macos-x86_64 0.1.22 NOTE
r-oldrel-windows-ix86+x86_64 0.1.22 11.00 57.00 68.00 OK

Check Details

Version: 0.1.22
Check: dependencies in R code
Result: NOTE
    Namespaces in Imports field not imported from:
     ‘KernSmooth’ ‘MASS’ ‘class’ ‘cluster’ ‘lattice’ ‘nnet’
     All declared Imports should be used.
Flavors: r-devel-linux-x86_64-fedora-clang, r-devel-linux-x86_64-fedora-gcc, r-devel-windows-x86_64-gcc10-UCRT, r-patched-solaris-x86, r-oldrel-macos-x86_64

Version: 0.1.22
Check: package dependencies
Result: ERROR
    Package required but not available: ‘RankProd’
    
    See section ‘The DESCRIPTION file’ in the ‘Writing R Extensions’
    manual.
Flavor: r-release-macos-x86_64