CRAN Package Check Results for Package simest

Last updated on 2021-05-18 02:49:30 CEST.

Flavor Version Tinstall Tcheck Ttotal Status Flags
r-devel-linux-x86_64-debian-clang 0.4 10.19 87.49 97.68 NOTE
r-devel-linux-x86_64-debian-gcc 0.4 8.51 66.80 75.31 NOTE
r-devel-linux-x86_64-fedora-clang 0.4 130.20 NOTE
r-devel-linux-x86_64-fedora-gcc 0.4 113.80 NOTE
r-devel-windows-ix86+x86_64 0.4 30.00 113.00 143.00 NOTE
r-devel-windows-x86_64-gcc10-UCRT 0.4 NOTE
r-patched-linux-x86_64 0.4 13.74 83.72 97.46 NOTE
r-patched-solaris-x86 0.4 170.40 NOTE
r-release-linux-x86_64 0.4 9.21 80.60 89.81 OK
r-release-macos-x86_64 0.4 OK
r-release-windows-ix86+x86_64 0.4 23.00 129.00 152.00 OK
r-oldrel-macos-x86_64 0.4 OK
r-oldrel-windows-ix86+x86_64 0.4 19.00 125.00 144.00 OK

Check Details

Version: 0.4
Check: LazyData
Result: NOTE
     'LazyData' is specified without a 'data' directory
Flavors: r-devel-linux-x86_64-debian-clang, r-devel-linux-x86_64-debian-gcc, r-devel-linux-x86_64-fedora-clang, r-devel-linux-x86_64-fedora-gcc, r-devel-windows-ix86+x86_64, r-devel-windows-x86_64-gcc10-UCRT, r-patched-linux-x86_64, r-patched-solaris-x86