CRAN Package Check Results for Package simhelpers

Last updated on 2021-08-04 02:50:17 CEST.

Flavor Version Tinstall Tcheck Ttotal Status Flags
r-devel-linux-x86_64-debian-clang 0.1.1 5.14 145.48 150.62 OK
r-devel-linux-x86_64-debian-gcc 0.1.1 3.62 106.72 110.34 OK
r-devel-linux-x86_64-fedora-clang 0.1.1 180.08 NOTE
r-devel-linux-x86_64-fedora-gcc 0.1.1 171.73 NOTE
r-devel-windows-x86_64 0.1.1 9.00 251.00 260.00 OK
r-devel-windows-x86_64-gcc10-UCRT 0.1.1 WARN
r-patched-linux-x86_64 0.1.1 3.49 135.65 139.14 OK
r-patched-solaris-x86 0.1.1 440.40 NOTE
r-release-linux-x86_64 0.1.1 5.06 135.14 140.20 OK
r-release-macos-arm64 0.1.1 WARN
r-release-macos-x86_64 0.1.1 NOTE
r-release-windows-ix86+x86_64 0.1.1 13.00 254.00 267.00 OK
r-oldrel-macos-x86_64 0.1.1 NOTE
r-oldrel-windows-ix86+x86_64 0.1.1 8.00 274.00 282.00 OK

Check Details

Version: 0.1.1
Check: dependencies in R code
Result: NOTE
    Namespaces in Imports field not imported from:
     ‘future’ ‘magrittr’ ‘purrr’ ‘rlang’ ‘utils’
     All declared Imports should be used.
Flavors: r-devel-linux-x86_64-fedora-clang, r-devel-linux-x86_64-fedora-gcc, r-devel-windows-x86_64-gcc10-UCRT, r-patched-solaris-x86, r-release-macos-arm64, r-release-macos-x86_64, r-oldrel-macos-x86_64

Version: 0.1.1
Check: re-building of vignette outputs
Result: WARN
    Error(s) in re-building vignettes:
    --- re-building 'MCSE.Rmd' using rmarkdown
    
    Attaching package: 'dplyr'
    
    The following objects are masked from 'package:stats':
    
     filter, lag
    
    The following objects are masked from 'package:base':
    
     intersect, setdiff, setequal, union
    
    
    Attaching package: 'kableExtra'
    
    The following object is masked from 'package:dplyr':
    
     group_rows
    
    --- finished re-building 'MCSE.Rmd'
    
    Warning in file(con, "r") :
     cannot open file 'C:\msys64\home\tomas\ucrt3\svn\ucrt3\r_packages\pkgcheck\CRAN\simhelpers\tmp\RtmpIt2P3J\file49dc39571d1c': Permission denied
    Error in file(con, "r") : cannot open the connection
    Calls: <Anonymous> -> readLines -> file
    Execution halted
Flavor: r-devel-windows-x86_64-gcc10-UCRT

Version: 0.1.1
Check: re-building of vignette outputs
Result: WARN
    Error(s) in re-building vignettes:
    --- re-building ‘MCSE.Rmd’ using rmarkdown
    Warning in engine$weave(file, quiet = quiet, encoding = enc) :
     Pandoc (>= 1.12.3) not available. Falling back to R Markdown v1.
    
    Attaching package: 'dplyr'
    
    The following objects are masked from 'package:stats':
    
     filter, lag
    
    The following objects are masked from 'package:base':
    
     intersect, setdiff, setequal, union
    
    
    Attaching package: 'kableExtra'
    
    The following object is masked from 'package:dplyr':
    
     group_rows
    
    --- finished re-building ‘MCSE.Rmd’
    
    --- re-building ‘simulation_workflow.Rmd’ using rmarkdown
    Warning in engine$weave(file, quiet = quiet, encoding = enc) :
     Pandoc (>= 1.12.3) not available. Falling back to R Markdown v1.
    
    Attaching package: 'dplyr'
    
    The following objects are masked from 'package:stats':
    
     filter, lag
    
    The following objects are masked from 'package:base':
    
     intersect, setdiff, setequal, union
    
    
    Attaching package: 'kableExtra'
    
    The following object is masked from 'package:dplyr':
    
     group_rows
    
    Quitting from lines 119-124 (simulation_workflow.Rmd)
    Error: processing vignette 'simulation_workflow.Rmd' failed with diagnostics:
    polygon edge not found
    --- failed re-building ‘simulation_workflow.Rmd’
    
    --- re-building ‘visualization.Rmd’ using rmarkdown
    Warning in engine$weave(file, quiet = quiet, encoding = enc) :
     Pandoc (>= 1.12.3) not available. Falling back to R Markdown v1.
    
    Attaching package: 'dplyr'
    
    The following objects are masked from 'package:stats':
    
     filter, lag
    
    The following objects are masked from 'package:base':
    
     intersect, setdiff, setequal, union
    
    
    Attaching package: 'kableExtra'
    
    The following object is masked from 'package:dplyr':
    
     group_rows
    
    Quitting from lines 82-91 (visualization.Rmd)
    Error: processing vignette 'visualization.Rmd' failed with diagnostics:
    polygon edge not found
    --- failed re-building ‘visualization.Rmd’
    
    SUMMARY: processing the following files failed:
     ‘simulation_workflow.Rmd’ ‘visualization.Rmd’
    
    Error: Vignette re-building failed.
    Execution halted
Flavor: r-release-macos-arm64