CRAN Package Check Results for Package simr

Last updated on 2021-09-21 02:49:24 CEST.

Flavor Version Tinstall Tcheck Ttotal Status Flags
r-devel-linux-x86_64-debian-clang 1.0.5 13.24 212.46 225.70 OK
r-devel-linux-x86_64-debian-gcc 1.0.5 11.21 152.94 164.15 OK
r-devel-linux-x86_64-fedora-clang 1.0.5 269.02 OK
r-devel-linux-x86_64-fedora-gcc 1.0.5 253.84 OK
r-devel-windows-x86_64 1.0.5 17.00 187.00 204.00 OK
r-devel-windows-x86_64-gcc10-UCRT 1.0.5 ERROR
r-patched-linux-x86_64 1.0.5 19.42 199.65 219.07 OK
r-patched-solaris-x86 1.0.5 351.60 OK
r-release-linux-x86_64 1.0.5 12.41 203.43 215.84 OK
r-release-macos-arm64 1.0.5 OK
r-release-macos-x86_64 1.0.5 OK
r-release-windows-ix86+x86_64 1.0.5 33.00 189.00 222.00 OK
r-oldrel-macos-x86_64 1.0.5 OK
r-oldrel-windows-ix86+x86_64 1.0.5 32.00 185.00 217.00 OK

Check Details

Version: 1.0.5
Check: whether package can be installed
Result: WARN
    Found the following significant warnings:
     WARNING: installation-time patches will not be applied, could not get the patches index
Flavor: r-devel-windows-x86_64-gcc10-UCRT

Version: 1.0.5
Check: PDF version of manual
Result: WARN
    LaTeX errors when creating PDF version.
    This typically indicates Rd problems.
Flavor: r-devel-windows-x86_64-gcc10-UCRT

Version: 1.0.5
Check: PDF version of manual without hyperrefs or index
Result: ERROR
    Re-running with no redirection of stdout/stderr.
Flavor: r-devel-windows-x86_64-gcc10-UCRT