CRAN Package Check Results for Package simtimer

Last updated on 2022-01-29 02:50:03 CET.

Flavor Version Tinstall Tcheck Ttotal Status Flags
r-devel-linux-x86_64-debian-clang 4.0.0 1.89 32.60 34.49 NOTE
r-devel-linux-x86_64-debian-gcc 4.0.0 1.54 25.65 27.19 NOTE
r-devel-linux-x86_64-fedora-clang 4.0.0 42.28 NOTE
r-devel-linux-x86_64-fedora-gcc 4.0.0 31.22 NOTE
r-devel-windows-x86_64-new-UL 4.0.0 29.00 60.00 89.00 NOTE
r-devel-windows-x86_64-new-TK 4.0.0 NOTE
r-patched-linux-x86_64 4.0.0 1.82 30.65 32.47 NOTE
r-release-linux-x86_64 4.0.0 1.70 30.50 32.20 NOTE
r-release-macos-arm64 4.0.0 NOTE
r-release-macos-x86_64 4.0.0 NOTE
r-release-windows-ix86+x86_64 4.0.0 5.00 42.00 47.00 NOTE
r-oldrel-macos-x86_64 4.0.0 OK
r-oldrel-windows-ix86+x86_64 4.0.0 5.00 43.00 48.00 OK

Check Details

Version: 4.0.0
Check: LazyData
Result: NOTE
     'LazyData' is specified without a 'data' directory
Flavors: r-devel-linux-x86_64-debian-clang, r-devel-linux-x86_64-debian-gcc, r-devel-linux-x86_64-fedora-clang, r-devel-linux-x86_64-fedora-gcc, r-devel-windows-x86_64-new-UL, r-devel-windows-x86_64-new-TK, r-patched-linux-x86_64, r-release-linux-x86_64, r-release-macos-arm64, r-release-macos-x86_64, r-release-windows-ix86+x86_64