CRAN Package Check Results for Package sinew

Last updated on 2021-07-28 02:49:23 CEST.

Flavor Version Tinstall Tcheck Ttotal Status Flags
r-devel-linux-x86_64-debian-clang 0.3.8 7.71 51.97 59.68 NOTE
r-devel-linux-x86_64-debian-gcc 0.3.8 6.34 39.24 45.58 NOTE
r-devel-linux-x86_64-fedora-clang 0.3.8 80.96 NOTE
r-devel-linux-x86_64-fedora-gcc 0.3.8 76.70 NOTE
r-devel-windows-x86_64 0.3.8 12.00 78.00 90.00 NOTE
r-devel-windows-x86_64-gcc10-UCRT 0.3.8 NOTE
r-patched-linux-x86_64 0.3.8 6.35 49.12 55.47 NOTE
r-patched-solaris-x86 0.3.8 102.30 NOTE
r-release-linux-x86_64 0.3.8 6.67 48.79 55.46 NOTE
r-release-macos-arm64 0.3.8 NOTE
r-release-macos-x86_64 0.3.8 NOTE
r-release-windows-ix86+x86_64 0.3.8 15.00 57.00 72.00 NOTE
r-oldrel-macos-x86_64 0.3.8 OK
r-oldrel-windows-ix86+x86_64 0.3.8 12.00 72.00 84.00 OK

Check Details

Version: 0.3.8
Check: LazyData
Result: NOTE
     'LazyData' is specified without a 'data' directory
Flavors: r-devel-linux-x86_64-debian-clang, r-devel-linux-x86_64-debian-gcc, r-devel-linux-x86_64-fedora-clang, r-devel-linux-x86_64-fedora-gcc, r-devel-windows-x86_64, r-devel-windows-x86_64-gcc10-UCRT, r-patched-linux-x86_64, r-patched-solaris-x86, r-release-linux-x86_64, r-release-macos-arm64, r-release-macos-x86_64, r-release-windows-ix86+x86_64