CRAN Package Check Results for Package singleCellHaystack

Last updated on 2022-01-27 02:51:42 CET.

Flavor Version Tinstall Tcheck Ttotal Status Flags
r-devel-linux-x86_64-debian-clang 0.3.4 9.96 236.96 246.92 OK
r-devel-linux-x86_64-debian-gcc 0.3.4 9.24 176.04 185.28 OK
r-devel-linux-x86_64-fedora-clang 0.3.4 276.30 OK
r-devel-linux-x86_64-fedora-gcc 0.3.4 275.87 OK
r-devel-windows-x86_64-new-UL 0.3.4 222.00 246.00 468.00 OK
r-devel-windows-x86_64-new-TK 0.3.4 OK
r-patched-linux-x86_64 0.3.4 9.83 210.97 220.80 OK
r-release-linux-x86_64 0.3.4 9.21 207.48 216.69 OK
r-release-macos-arm64 0.3.4 NOTE
r-release-macos-x86_64 0.3.4 OK
r-release-windows-ix86+x86_64 0.3.4 24.00 248.00 272.00 OK
r-oldrel-macos-x86_64 0.3.4 OK
r-oldrel-windows-ix86+x86_64 0.3.4 25.00 250.00 275.00 OK

Check Details

Version: 0.3.4
Check: package dependencies
Result: NOTE
    Packages suggested but not available for checking:
     'SummarizedExperiment', 'SingleCellExperiment'
Flavor: r-release-macos-arm64