Last updated on 2022-07-01 02:54:28 CEST.
Flavor | Version | Tinstall | Tcheck | Ttotal | Status | Flags |
---|---|---|---|---|---|---|
r-devel-linux-x86_64-debian-clang | 3.12-66 | 340.87 | 364.31 | 705.18 | OK | |
r-devel-linux-x86_64-debian-gcc | 3.12-66 | 276.75 | 268.40 | 545.15 | OK | |
r-devel-linux-x86_64-fedora-clang | 3.12-66 | 958.06 | NOTE | |||
r-devel-linux-x86_64-fedora-gcc | 3.12-66 | 721.81 | OK | |||
r-devel-windows-x86_64 | 3.12-66 | 469.00 | 418.00 | 887.00 | NOTE | |
r-patched-linux-x86_64 | 3.12-66 | 297.94 | 347.98 | 645.92 | OK | |
r-release-linux-x86_64 | 3.12-66 | 293.79 | 347.00 | 640.79 | OK | |
r-release-macos-arm64 | 3.12-66 | 231.00 | NOTE | |||
r-release-macos-x86_64 | 3.12-66 | 274.00 | NOTE | |||
r-release-windows-x86_64 | 3.12-66 | 407.00 | 406.00 | 813.00 | NOTE | |
r-oldrel-macos-arm64 | 3.12-66 | 209.00 | NOTE | |||
r-oldrel-macos-x86_64 | 3.12-66 | 264.00 | NOTE | |||
r-oldrel-windows-ix86+x86_64 | 3.12-66 | 794.00 | 509.00 | 1303.00 | NOTE |
Version: 3.12-66
Check: installed package size
Result: NOTE
installed size is 10.1Mb
sub-directories of 1Mb or more:
R 2.1Mb
libs 5.9Mb
Flavors: r-devel-linux-x86_64-fedora-clang, r-devel-windows-x86_64, r-release-macos-arm64, r-release-macos-x86_64, r-release-windows-x86_64, r-oldrel-macos-arm64, r-oldrel-macos-x86_64, r-oldrel-windows-ix86+x86_64