Last updated on 2023-02-09 02:53:26 CET.
Flavor | Version | Tinstall | Tcheck | Ttotal | Status | Flags |
---|---|---|---|---|---|---|
r-devel-linux-x86_64-debian-clang | 0.48 | 17.30 | 149.79 | 167.09 | OK | |
r-devel-linux-x86_64-debian-gcc | 0.48 | 14.22 | 109.89 | 124.11 | OK | |
r-devel-linux-x86_64-fedora-clang | 0.48 | 205.62 | OK | |||
r-devel-linux-x86_64-fedora-gcc | 0.48 | 198.34 | OK | |||
r-devel-windows-x86_64 | 0.48 | 33.00 | 180.00 | 213.00 | OK | |
r-patched-linux-x86_64 | 0.48 | 18.93 | 139.89 | 158.82 | OK | |
r-release-linux-x86_64 | 0.48 | 18.79 | 142.60 | 161.39 | OK | |
r-release-macos-arm64 | 0.48 | 58.00 | NOTE | |||
r-release-macos-x86_64 | 0.48 | 72.00 | OK | |||
r-release-windows-x86_64 | 0.48 | 32.00 | 178.00 | 210.00 | OK | |
r-oldrel-macos-arm64 | 0.48 | 60.00 | OK | |||
r-oldrel-macos-x86_64 | 0.48 | 110.00 | OK | |||
r-oldrel-windows-ix86+x86_64 | 0.48 | 32.00 | 169.00 | 201.00 | OK |
Version: 0.48
Check: package dependencies
Result: NOTE
Packages suggested but not available for checking: 'graph', 'Rgraphviz'
Flavor: r-release-macos-arm64
Version: 0.48
Check: Rd cross-references
Result: NOTE
Packages unavailable to check Rd xrefs: ‘Rgraphviz’, ‘graph’
Flavor: r-release-macos-arm64