CRAN Package Check Results for Package skynet

Last updated on 2021-10-27 02:52:50 CEST.

Flavor Version Tinstall Tcheck Ttotal Status Flags
r-devel-linux-x86_64-debian-clang 1.4.0 9.27 94.71 103.98 OK
r-devel-linux-x86_64-debian-gcc 1.4.0 8.06 70.00 78.06 OK
r-devel-linux-x86_64-fedora-clang 1.4.0 130.66 NOTE
r-devel-linux-x86_64-fedora-gcc 1.4.0 117.85 NOTE
r-devel-windows-x86_64 1.4.0 17.00 132.00 149.00 OK
r-devel-windows-x86_64-gcc10-UCRT 1.4.0 NOTE
r-patched-linux-x86_64 1.4.0 9.10 86.22 95.32 OK
r-patched-solaris-x86 1.4.0 179.30 NOTE
r-release-linux-x86_64 1.4.0 8.47 85.29 93.76 OK
r-release-macos-arm64 1.4.0 NOTE
r-release-macos-x86_64 1.4.0 NOTE
r-release-windows-ix86+x86_64 1.4.0 16.00 108.00 124.00 OK
r-oldrel-macos-x86_64 1.4.0 NOTE
r-oldrel-windows-ix86+x86_64 1.4.0 21.00 123.00 144.00 OK

Check Details

Version: 1.4.0
Check: dependencies in R code
Result: NOTE
    Namespace in Imports field not imported from: ‘maps’
     All declared Imports should be used.
Flavors: r-devel-linux-x86_64-fedora-clang, r-devel-linux-x86_64-fedora-gcc, r-devel-windows-x86_64-gcc10-UCRT, r-patched-solaris-x86, r-release-macos-arm64, r-release-macos-x86_64, r-oldrel-macos-x86_64