CRAN Package Check Results for Package snahelper

Last updated on 2021-10-23 01:49:15 CEST.

Flavor Version Tinstall Tcheck Ttotal Status Flags
r-devel-linux-x86_64-debian-clang 1.3.0 8.52 74.85 83.37 OK
r-devel-linux-x86_64-debian-gcc 1.3.0 7.00 55.08 62.08 OK
r-devel-linux-x86_64-fedora-clang 1.3.0 111.07 OK
r-devel-linux-x86_64-fedora-gcc 1.3.0 98.10 OK
r-devel-windows-x86_64 1.3.0 15.00 96.00 111.00 OK
r-devel-windows-x86_64-gcc10-UCRT 1.3.0 ERROR
r-patched-linux-x86_64 1.3.0 7.75 68.84 76.59 OK
r-patched-solaris-x86 1.3.0 137.90 OK
r-release-linux-x86_64 1.3.0 7.42 68.65 76.07 OK
r-release-macos-arm64 1.3.0 OK
r-release-macos-x86_64 1.3.0 OK
r-release-windows-ix86+x86_64 1.3.0 14.00 82.00 96.00 OK
r-oldrel-macos-x86_64 1.3.0 OK
r-oldrel-windows-ix86+x86_64 1.3.0 22.00 101.00 123.00 OK

Check Details

Version: 1.3.0
Check: package dependencies
Result: ERROR
    Packages required but not available: 'ggraph', 'graphlayouts', 'igraph'
    
    See section 'The DESCRIPTION file' in the 'Writing R Extensions'
    manual.
Flavor: r-devel-windows-x86_64-gcc10-UCRT