CRAN Package Check Results for Package snplist

Last updated on 2021-09-18 02:52:11 CEST.

Flavor Version Tinstall Tcheck Ttotal Status Flags
r-devel-linux-x86_64-debian-clang 0.18.1 33.34 210.40 243.74 NOTE
r-devel-linux-x86_64-debian-gcc 0.18.1 23.70 154.64 178.34 NOTE
r-devel-linux-x86_64-fedora-clang 0.18.1 299.29 NOTE
r-devel-linux-x86_64-fedora-gcc 0.18.1 298.12 NOTE
r-devel-windows-x86_64 0.18.1 37.00 245.00 282.00 OK
r-devel-windows-x86_64-gcc10-UCRT 0.18.1 OK
r-patched-linux-x86_64 0.18.1 31.54 196.54 228.08 NOTE
r-patched-solaris-x86 0.18.1 401.70 NOTE
r-release-linux-x86_64 0.18.1 27.95 196.53 224.48 NOTE
r-release-macos-arm64 0.18.1 OK
r-release-macos-x86_64 0.18.1 OK
r-release-windows-ix86+x86_64 0.18.1 78.00 240.00 318.00 OK
r-oldrel-macos-x86_64 0.18.1 OK
r-oldrel-windows-ix86+x86_64 0.18.1 81.00 298.00 379.00 OK

Check Details

Version: 0.18.1
Check: for non-standard things in the check directory
Result: NOTE
    Found the following files/directories:
     'geneSet.set' 'snplistdb.sqlite'
Flavors: r-devel-linux-x86_64-debian-clang, r-devel-linux-x86_64-debian-gcc, r-devel-linux-x86_64-fedora-clang, r-devel-linux-x86_64-fedora-gcc, r-patched-linux-x86_64, r-patched-solaris-x86, r-release-linux-x86_64