Last updated on 2022-05-23 02:53:49 CEST.
Flavor | Version | Tinstall | Tcheck | Ttotal | Status | Flags |
---|---|---|---|---|---|---|
r-devel-linux-x86_64-debian-clang | 0.8.0 | 11.39 | 126.71 | 138.10 | OK | |
r-devel-linux-x86_64-debian-gcc | 0.8.0 | 9.21 | 95.85 | 105.06 | OK | |
r-devel-linux-x86_64-fedora-clang | 0.8.0 | 160.45 | NOTE | |||
r-devel-linux-x86_64-fedora-gcc | 0.8.0 | 150.68 | NOTE | |||
r-devel-windows-x86_64 | 0.8.0 | 35.00 | 151.00 | 186.00 | OK | |
r-patched-linux-x86_64 | 0.8.0 | 21.10 | 117.86 | 138.96 | OK | |
r-release-linux-x86_64 | 0.8.0 | 9.78 | 115.27 | 125.05 | OK | |
r-release-macos-arm64 | 0.8.0 | 40.00 | NOTE | |||
r-release-macos-x86_64 | 0.8.0 | 78.00 | NOTE | |||
r-release-windows-x86_64 | 0.8.0 | 31.00 | 153.00 | 184.00 | OK | |
r-oldrel-macos-arm64 | 0.8.0 | 61.00 | NOTE | |||
r-oldrel-macos-x86_64 | 0.8.0 | 58.00 | NOTE | |||
r-oldrel-windows-ix86+x86_64 | 0.8.0 | 28.00 | 142.00 | 170.00 | OK |
Version: 0.8.0
Check: dependencies in R code
Result: NOTE
Namespaces in Imports field not imported from:
‘FactoMineR’ ‘flextable’ ‘htmlTable’ ‘stringr’
All declared Imports should be used.
Flavors: r-devel-linux-x86_64-fedora-clang, r-devel-linux-x86_64-fedora-gcc, r-release-macos-arm64, r-release-macos-x86_64, r-oldrel-macos-arm64, r-oldrel-macos-x86_64
Version: 0.8.0
Check: data for non-ASCII characters
Result: NOTE
Note: found 938 marked UTF-8 strings
Flavors: r-devel-linux-x86_64-fedora-clang, r-devel-linux-x86_64-fedora-gcc, r-release-macos-arm64, r-release-macos-x86_64, r-oldrel-macos-arm64, r-oldrel-macos-x86_64