CRAN Package Check Results for Package soilDB

Last updated on 2022-01-21 02:54:34 CET.

Flavor Version Tinstall Tcheck Ttotal Status Flags
r-devel-linux-x86_64-debian-clang 2.6.12 OK
r-devel-linux-x86_64-debian-gcc 2.6.12 29.14 235.12 264.26 OK
r-devel-linux-x86_64-fedora-clang 2.6.12 442.39 OK
r-devel-linux-x86_64-fedora-gcc 2.6.12 408.88 OK
r-devel-windows-x86_64-new-UL 2.6.12 118.00 316.00 434.00 OK
r-devel-windows-x86_64-new-TK 2.6.12 OK
r-patched-linux-x86_64 2.6.12 40.17 304.79 344.96 OK
r-release-linux-x86_64 2.6.12 36.46 307.40 343.86 OK
r-release-macos-arm64 2.6.12 ERROR
r-release-macos-x86_64 2.6.12 WARN --as-cran
r-release-windows-ix86+x86_64 2.6.12 69.00 342.00 411.00 OK
r-oldrel-macos-x86_64 2.6.10 OK
r-oldrel-windows-ix86+x86_64 2.6.12 73.00 340.00 413.00 OK

Check Details

Version: 2.6.12
Check: whether package can be installed
Result: WARN
    Found the following significant warnings:
     Warning: multiple methods tables found for ‘direction’
     Warning: multiple methods tables found for ‘gridDistance’
Flavor: r-release-macos-arm64

Version: 2.6.12
Check: tests
Result: ERROR
     Running ‘testthat.R’ [9s/17s]
    Running the tests in ‘tests/testthat.R’ failed.
    Last 13 lines of output:
     >
     > test_check("soilDB")
     ══ Skipped tests ═══════════════════════════════════════════════════════════════
     • On CRAN (66)
     • local NASIS database not available (7)
    
     ══ Failed tests ════════════════════════════════════════════════════════════════
     ── Failure (test-waterDayYear.R:50:3): works as expected ───────────────────────
     res$wd not equal to 66L.
     1/1 mismatches
     [1] 65 - 66 == -1
    
     [ FAIL 1 | WARN 0 | SKIP 73 | PASS 196 ]
     Error: Test failures
     Execution halted
Flavor: r-release-macos-arm64

Version: 2.6.12
Flags: --as-cran
Check: CRAN incoming feasibility
Result: WARN
    Maintainer: ‘Andrew Brown <[email protected]>’
    
    Insufficient package version (submitted: 2.6.12, existing: 2.6.12)
    
    Days since last update: 1
Flavor: r-release-macos-x86_64

Version: 2.6.12
Flags: --as-cran
Check: top-level files
Result: NOTE
    Files ‘README.md’ or ‘NEWS.md’ cannot be checked without ‘pandoc’ being installed.
Flavor: r-release-macos-x86_64