CRAN Package Check Results for Package soilhypfit

Last updated on 2022-08-08 03:55:55 CEST.

Flavor Version Tinstall Tcheck Ttotal Status Flags
r-devel-linux-x86_64-debian-clang 0.1-5 17.35 131.10 148.45 NOTE
r-devel-linux-x86_64-debian-gcc 0.1-5 14.21 96.66 110.87 NOTE
r-devel-linux-x86_64-fedora-clang 0.1-5 179.93 OK
r-devel-linux-x86_64-fedora-gcc 0.1-5 174.12 OK
r-devel-windows-x86_64 0.1-5 31.00 139.00 170.00 OK
r-patched-linux-x86_64 0.1-5 20.41 120.03 140.44 OK
r-release-linux-x86_64 0.1-5 OK
r-release-macos-arm64 0.1-5 46.00 OK
r-release-macos-x86_64 0.1-5 78.00 OK
r-release-windows-x86_64 0.1-5 28.00 148.00 176.00 OK
r-oldrel-macos-arm64 0.1-5 45.00 OK
r-oldrel-macos-x86_64 0.1-5 71.00 OK
r-oldrel-windows-ix86+x86_64 0.1-5 33.00 134.00 167.00 OK

Check Details

Version: 0.1-5
Check: HTML version of manual
Result: NOTE
    Found the following math rendering problems:
    soilhypfit_S3methods.Rd:79: Undefined control sequence: \boldmath in \mbox{\boldmath$\nu$\unboldmat...
    soilhypfit_control_fit_wrc_hcc.Rd:92: Undefined control sequence: \boldmath in \mbox{\boldmath$\nu$\unboldmat...
    soilhypfit_control_fit_wrc_hcc.Rd:97: Undefined control sequence: \boldmath in \mbox{\boldmath$\nu$\unboldmat...
    soilhypfit_control_fit_wrc_hcc.Rd:127: Undefined control sequence: \boldmath in \mbox{\boldmath$\nu$\unboldmat...
    soilhypfit_control_fit_wrc_hcc.Rd:138: Undefined control sequence: \boldmath in \mbox{\boldmath$\nu$\unboldmat...
    soilhypfit_control_fit_wrc_hcc.Rd:294: Undefined control sequence: \boldmath in \mbox{\boldmath$\nu$\unboldmat...
    soilhypfit_control_fit_wrc_hcc.Rd:294: Undefined control sequence: \boldmath in \mbox{\boldmath$\nu$\unboldmat...
    soilhypfit_control_fit_wrc_hcc.Rd:318: Undefined control sequence: \boldmath in \mbox{\boldmath$\nu$\unboldmat...
    soilhypfit_control_fit_wrc_hcc.Rd:328: Undefined control sequence: \boldmath in \mbox{\boldmath$\nu$\unboldmat...
    soilhypfit_evaporative_length.Rd:88-95: Undefined control sequence: \boldmath in ...athrm{c}(\mbox{\boldmath$\nu$\unboldmat...
    soilhypfit_evaporative_length.Rd:97: Undefined control sequence: \boldmath in \mbox{\boldmath$\nu$\unboldmat...
    soilhypfit_evaporative_length.Rd:100-101: Undefined control sequence: \boldmath in ...t}; K_0,
     \mbox{\boldmath$\nu$\unboldmat...
    soilhypfit_evaporative_length.Rd:111-112: Undefined control sequence: \boldmath in ...(h; K_0,
     \mbox{\boldmath$\nu$\unboldmat...
    soilhypfit_fit_wrc_hcc.Rd:185: Undefined control sequence: \boldmath in \mbox{\boldmath$\nu$\unboldmat...
    soilhypfit_fit_wrc_hcc.Rd:378: Undefined control sequence: \boldmath in \mbox{\boldmath$\mu$\unboldmat...
    soilhypfit_fit_wrc_hcc.Rd:382: Undefined control sequence: \boldmath in \mbox{\boldmath$\nu$\unboldmat...
    soilhypfit_hcc_model.Rd:49: Undefined control sequence: \boldmath in \mbox{\boldmath$\nu$\unboldmat...
    soilhypfit_hcc_model.Rd:82-92: Undefined control sequence: \boldmath in ...{VGM}(h; \mbox{\boldmath$\nu$\unboldmat...
    soilhypfit_hcc_model.Rd:94-99: Undefined control sequence: \boldmath in ...{$\mu$}, \mbox{\boldmath$\nu$\unboldmat...
    soilhypfit_hcc_model.Rd:103: Undefined control sequence: \boldmath in \mbox{\boldmath$\nu$\unboldmat...
    soilhypfit_hcc_model.Rd:105-106: Undefined control sequence: \boldmath in ...m{VG}(h;
     \mbox{\boldmath$\nu$\unboldmat...
    soilhypfit_hcc_model.Rd:109: Undefined control sequence: \boldmath in \mbox{\boldmath$\nu$\unboldmat...
    soilhypfit_package.Rd:45: Undefined control sequence: \boldmath in \mbox{\boldmath$\theta$\unbold...
    soilhypfit_package.Rd:46: Undefined control sequence: \boldmath in \mbox{\boldmath$K$\unboldmath}...
    soilhypfit_package.Rd:47: Undefined control sequence: \boldmath in \mbox{\boldmath$h$\unboldmath}...
    soilhypfit_package.Rd:50-55: Undefined control sequence: \boldmath in ...heta(h_i;\mbox{\boldmath$\mu$\unboldmat...
    soilhypfit_package.Rd:56-61: Undefined control sequence: \boldmath in ...og(K(h_j;\mbox{\boldmath$\mu$\unboldmat...
    soilhypfit_package.Rd:63-65: Undefined control sequence: \boldmath in ...eta(h_i; \mbox{\boldmath$\mu$\unboldmat...
    soilhypfit_package.Rd:66-68: Undefined control sequence: \boldmath in ... K(h_j; \mbox{\boldmath$\mu$\unboldmat...
    soilhypfit_package.Rd:70: Undefined control sequence: \boldmath in \mbox{\boldmath$\mu$\unboldmat...
    soilhypfit_package.Rd:70: Undefined control sequence: \boldmath in \mbox{\boldmath$\nu$\unboldmat...
    soilhypfit_package.Rd:84-105: Undefined control sequence: \boldmath in ...{\theta}(\mbox{\boldmath$\mu$\unboldmat...
    soilhypfit_package.Rd:107-126: Undefined control sequence: \boldmath in ... Q_{K}(\mbox{\boldmath$\mu$\unboldmat...
    soilhypfit_package.Rd:129-133: Undefined control sequence: \boldmath in \mbox{\boldmath$\theta$\unbold...
    soilhypfit_package.Rd:134-138: Undefined control sequence: \boldmath in \mbox{\boldmath$K$\unboldmath}...
    soilhypfit_package.Rd:141: Undefined control sequence: \boldmath in \mbox{\boldmath$W$\unboldmath}...
    soilhypfit_package.Rd:142: Undefined control sequence: \boldmath in \mbox{\boldmath$W$\unboldmath}...
    soilhypfit_package.Rd:156-169: Undefined control sequence: \boldmath in
     Q(\mbox{\boldmath$\mu$\unboldmat...
    soilhypfit_package.Rd:174-180: Undefined control sequence: \boldmath in
     Q(\mbox{\boldmath$\mu$\unboldmat...
    soilhypfit_package.Rd:185-188: Undefined control sequence: \boldmath in ...2_\theta(\mbox{\boldmath$\mu$\unboldmat...
    soilhypfit_package.Rd:189-191: Undefined control sequence: \boldmath in ...gma}^2_K(\mbox{\boldmath$\mu$\unboldmat...
    soilhypfit_package.Rd:195-206: Undefined control sequence: \boldmath in
     Q(\mbox{\boldmath$\mu$\unboldmat...
    soilhypfit_package.Rd:209-213: Undefined control sequence: \boldmath in Q(\mbox{\boldmath$\mu$\unboldmat...
    soilhypfit_package.Rd:220-224: Undefined control sequence: \boldmath in
     Q(\mbox{\boldmath$\mu$\unboldmat...
    soilhypfit_package.Rd:225: Undefined control sequence: \boldmath in \mbox{\boldmath$\mu$\unboldmat...
    soilhypfit_package.Rd:225: Undefined control sequence: \boldmath in \mbox{\boldmath$\nu$\unboldmat...
    soilhypfit_package.Rd:227: Undefined control sequence: \boldmath in \mbox{\boldmath$\nu$\unboldmat...
    soilhypfit_package.Rd:228-232: Undefined control sequence: \boldmath in
     \mbox{\boldmath$\mu$\unboldmat...
    soilhypfit_package.Rd:236-265: Undefined control sequence: \boldmath in ...s;
     \mbox{\boldmath$\theta$\unbold...
    soilhypfit_package.Rd:267-289: Undefined control sequence: \boldmath in ...K^*(K_0; \mbox{\boldmath$K$\unboldmath}...
    soilhypfit_package.Rd:291: Undefined control sequence: \boldmath in \mbox{\boldmath$1$\unboldmath}...
    soilhypfit_package.Rd:292-302: Undefined control sequence: \boldmath in \mbox{\boldmath$S$\unboldmath}...
    soilhypfit_package.Rd:303-313: Undefined control sequence: \boldmath in \mbox{\boldmath$k$\unboldmath}...
    soilhypfit_package.Rd:320-322: Undefined control sequence: \boldmath in ...theta}_r(\mbox{\boldmath$\nu$\unboldmat...
    soilhypfit_package.Rd:322-325: Undefined control sequence: \boldmath in ...theta}_s(\mbox{\boldmath$\nu$\unboldmat...
    soilhypfit_package.Rd:325-326: Undefined control sequence: \boldmath in ...og(K_0)}(\mbox{\boldmath$\nu$\unboldmat...
    soilhypfit_package.Rd:335-344: Undefined control sequence: \boldmath in ...\widehat{\mbox{\boldmath$\mu$\unboldmat...
    soilhypfit_package.Rd:347-351: Undefined control sequence: \boldmath in ...s;
     \mbox{\boldmath$\theta$\unbold...
    soilhypfit_package.Rd:353-357: Undefined control sequence: \boldmath in ...0;
     \mbox{\boldmath$K$\unboldmath}...
    soilhypfit_package.Rd:360-366: Undefined control sequence: \boldmath in ...\widehat{\mbox{\boldmath$\mu$\unboldmat...
    soilhypfit_package.Rd:366: Undefined control sequence: \boldmath in \mbox{\boldmath$\nu$\unboldmat...
    soilhypfit_package.Rd:373-381: Undefined control sequence: \boldmath in ...\widehat{\mbox{\boldmath$\mu$\unboldmat...
    soilhypfit_package.Rd:383-391: Undefined control sequence: \boldmath in ...\widehat{\mbox{\boldmath$\mu$\unboldmat...
    soilhypfit_package.Rd:397-402: Undefined control sequence: \boldmath in ...\widehat{\mbox{\boldmath$\mu$\unboldmat...
    soilhypfit_package.Rd:403-405: Undefined control sequence: \boldmath in ...\widehat{\mbox{\boldmath$\nu$\unboldmat...
    soilhypfit_package.Rd:408-415: Undefined control sequence: \boldmath in ...\widehat{\mbox{\boldmath$\nu$\unboldmat...
    soilhypfit_package.Rd:417-427: Undefined control sequence: \boldmath in
     [\mbox{\boldmath$A$\unboldmath}...
    soilhypfit_package.Rd:446: Undefined control sequence: \boldmath in \mbox{\boldmath$\mu$\unboldmat...
    soilhypfit_package.Rd:448: Undefined control sequence: \boldmath in \mbox{\boldmath$\nu$\unboldmat...
    soilhypfit_package.Rd:473: Undefined control sequence: \boldmath in \mbox{\boldmath$\mu$\unboldmat...
    soilhypfit_package.Rd:474: Undefined control sequence: \boldmath in \mbox{\boldmath$\nu$\unboldmat...
    soilhypfit_package.Rd:498: Undefined control sequence: \boldmath in \mbox{\boldmath$\nu$\unboldmat...
    soilhypfit_package.Rd:510: Undefined control sequence: \boldmath in \mbox{\boldmath$\nu$\unboldmat...
    soilhypfit_package.Rd:511-515: Undefined control sequence: \boldmath in ...\widehat{\mbox{\boldmath$\mu$\unboldmat...
    soilhypfit_package.Rd:573: Undefined control sequence: \boldmath in \mbox{\boldmath$\nu$\unboldmat...
    soilhypfit_package.Rd:594-598: Undefined control sequence: \boldmath in ...\exp(y); \mbox{\boldmath$\nu$\unboldmat...
    soilhypfit_package.Rd:600-602: Undefined control sequence: \boldmath in ...\exp(y); \mbox{\boldmath$\nu$\unboldmat...
    soilhypfit_package.Rd:616-620: Undefined control sequence: \boldmath in ...\exp(y); \mbox{\boldmath$\nu$\unboldmat...
    soilhypfit_prfloglik.Rd:63: Undefined control sequence: \boldmath in \mbox{\boldmath$\mu$\unboldmat...
    soilhypfit_prfloglik.Rd:64: Undefined control sequence: \boldmath in \mbox{\boldmath$\nu$\unboldmat...
    soilhypfit_prfloglik.Rd:89: Undefined control sequence: \boldmath in \mbox{\boldmath$\nu$\unboldmat...
    soilhypfit_prfloglik.Rd:145: Undefined control sequence: \boldmath in \mbox{\boldmath$\nu$\unboldmat...
    soilhypfit_prfloglik.Rd:146: Undefined control sequence: \boldmath in \mbox{\boldmath$\mu$\unboldmat...
    soilhypfit_prfloglik.Rd:147: Undefined control sequence: \boldmath in \mbox{\boldmath$\phi$\unboldma...
    soilhypfit_prfloglik.Rd:149: Undefined control sequence: \boldmath in \mbox{\boldmath$\psi$\unboldma...
    soilhypfit_prfloglik.Rd:150-157: Undefined control sequence: \boldmath in ...
     \mbox{\boldmath$\phi$\unboldma...
    soilhypfit_prfloglik.Rd:159-166: Undefined control sequence: \boldmath in ...
     \mbox{\boldmath$\mu$\unboldmat...
    soilhypfit_prfloglik.Rd:168-172: Undefined control sequence: \boldmath in ...\widehat{\mbox{\boldmath$\psi$\unboldma...
    soilhypfit_prfloglik.Rd:173: Undefined control sequence: \boldmath in \mbox{\boldmath$\psi$\unboldma...
    soilhypfit_prfloglik.Rd:175-183: Undefined control sequence: \boldmath in
     Q(\mbox{\boldmath$\phi$\unboldma...
    soilhypfit_prfloglik.Rd:184: Undefined control sequence: \boldmath in \mbox{\boldmath$\phi$\unboldma...
    soilhypfit_prfloglik.Rd:187: Undefined control sequence: \boldmath in \mbox{\boldmath$\psi$\unboldma...
    soilhypfit_prfloglik.Rd:200-207: Undefined control sequence: \boldmath in ...
     \mbox{\boldmath$\mu$\unboldmat...
    soilhypfit_prfloglik.Rd:213-227: Undefined control sequence: \boldmath in ...\widehat{\mbox{\boldmath$\psi$\unboldma...
    soilhypfit_prfloglik.Rd:249-257: Undefined control sequence: \boldmath in ...\widehat{\mbox{\boldmath$\psi$\unboldma...
    soilhypfit_prfloglik.Rd:272: Undefined control sequence: \boldmath in \mbox{\boldmath$\nu$\unboldmat...
    soilhypfit_prfloglik.Rd:313: Undefined control sequence: \boldmath in \mbox{\boldmath$\phi$\unboldma...
    soilhypfit_prfloglik.Rd:316-323: Undefined control sequence: \boldmath in ...\widehat{\mbox{\boldmath$\psi$\unboldma...
    soilhypfit_prfloglik.Rd:324-328: Undefined control sequence: \boldmath in ...\widehat{\mbox{\boldmath$\psi$\unboldma...
    soilhypfit_prfloglik.Rd:342-350: Undefined control sequence: \boldmath in ...\widehat{\mbox{\boldmath$\psi$\unboldma...
    soilhypfit_vcov.Rd:28: Undefined control sequence: \boldmath in \widehat{\mbox{\boldmath$\nu$\unboldmat...
    soilhypfit_vcov.Rd:67: Undefined control sequence: \boldmath in \widehat{\mbox{\boldmath$\nu$\unboldmat...
    soilhypfit_vcov.Rd:73: Undefined control sequence: \boldmath in \widehat{\mbox{\boldmath$\nu$\unboldmat...
    soilhypfit_vcov.Rd:89: Undefined control sequence: \boldmath in \widehat{\mbox{\boldmath$\nu$\unboldmat...
    soilhypfit_wrc_model.Rd:49: Undefined control sequence: \boldmath in \mbox{\boldmath$\nu$\unboldmat...
    soilhypfit_wrc_model.Rd:56: Undefined control sequence: \boldmath in \mbox{\boldmath$\mu$\unboldmat...
    soilhypfit_wrc_model.Rd:78-81: Undefined control sequence: \boldmath in ...m{VG}(h; \mbox{\boldmath$\nu$\unboldmat...
    soilhypfit_wrc_model.Rd:83-86: Undefined control sequence: \boldmath in ...m{VG}(h; \mbox{\boldmath$\mu$\unboldmat...
    soilhypfit_wrc_model.Rd:88: Undefined control sequence: \boldmath in \mbox{\boldmath$\mu$\unboldmat...
    soilhypfit_wrc_model.Rd:90: Undefined control sequence: \boldmath in \mbox{\boldmath$\nu$\unboldmat...
    soilhypfit_wrc_model.Rd:93: Undefined control sequence: \boldmath in \mbox{\boldmath$\mu$\unboldmat...
    soilhypfit_wrc_model.Rd:94: Undefined control sequence: \boldmath in \mbox{\boldmath$\nu$\unboldmat...
Flavors: r-devel-linux-x86_64-debian-clang, r-devel-linux-x86_64-debian-gcc