CRAN Package Check Results for Package solrium

Last updated on 2021-08-04 02:50:17 CEST.

Flavor Version Tinstall Tcheck Ttotal Status Flags
r-devel-linux-x86_64-debian-clang 1.2.0 9.52 70.52 80.04 OK
r-devel-linux-x86_64-debian-gcc 1.2.0 6.85 52.37 59.22 OK
r-devel-linux-x86_64-fedora-clang 1.2.0 105.88 NOTE
r-devel-linux-x86_64-fedora-gcc 1.2.0 95.55 OK
r-devel-windows-x86_64 1.2.0 11.00 108.00 119.00 OK
r-devel-windows-x86_64-gcc10-UCRT 1.2.0 OK
r-patched-linux-x86_64 1.2.0 9.17 65.98 75.15 OK
r-patched-solaris-x86 1.2.0 128.90 OK
r-release-linux-x86_64 1.2.0 7.13 66.20 73.33 OK
r-release-macos-arm64 1.2.0 OK
r-release-macos-x86_64 1.2.0 OK
r-release-windows-ix86+x86_64 1.2.0 19.00 105.00 124.00 OK
r-oldrel-macos-x86_64 1.2.0 OK
r-oldrel-windows-ix86+x86_64 1.2.0 14.00 110.00 124.00 OK

Check Details

Version: 1.2.0
Check: Rd cross-references
Result: NOTE
    Undeclared package ‘XML’ in Rd xrefs
Flavor: r-devel-linux-x86_64-fedora-clang