CRAN Package Check Results for Package sorvi

Last updated on 2021-05-14 02:49:30 CEST.

Flavor Version Tinstall Tcheck Ttotal Status Flags
r-devel-linux-x86_64-debian-clang 0.7.26 6.24 69.21 75.45 NOTE
r-devel-linux-x86_64-debian-gcc 0.7.26 4.43 52.09 56.52 NOTE
r-devel-linux-x86_64-fedora-clang 0.7.26 98.18 NOTE
r-devel-linux-x86_64-fedora-gcc 0.7.26 84.73 NOTE
r-devel-windows-ix86+x86_64 0.7.26 15.00 80.00 95.00 NOTE
r-devel-windows-x86_64-gcc10-UCRT 0.7.26 NOTE
r-patched-linux-x86_64 0.7.26 5.95 64.47 70.42 NOTE
r-patched-solaris-x86 0.7.26 130.10 NOTE
r-release-linux-x86_64 0.7.26 6.07 64.58 70.65 NOTE
r-release-macos-x86_64 0.7.26 NOTE
r-release-windows-ix86+x86_64 0.7.26 13.00 100.00 113.00 NOTE
r-oldrel-macos-x86_64 0.7.26 NOTE
r-oldrel-windows-ix86+x86_64 0.7.26 12.00 93.00 105.00 NOTE

Check Details

Version: 0.7.26
Check: R code for possible problems
Result: NOTE
    convert_municipality_names: no visible global function definition for
     'read.csv'
    regression_plot: no visible binding for global variable 'loess'
    regression_plot: no visible global function definition for
     'colorRampPalette'
    regression_plot: no visible global function definition for
     'loess.control'
    regression_plot: no visible global function definition for 'predict'
    regression_plot : <anonymous>: no visible global function definition
     for 'quantile'
    regression_plot : <anonymous>: no visible global function definition
     for 'pnorm'
    regression_plot: no visible global function definition for
     'flush.console'
    regression_plot: no visible global function definition for 'density'
    Undefined global functions or variables:
     colorRampPalette density flush.console loess loess.control pnorm
     predict quantile read.csv
    Consider adding
     importFrom("grDevices", "colorRampPalette")
     importFrom("stats", "density", "loess", "loess.control", "pnorm",
     "predict", "quantile")
     importFrom("utils", "flush.console", "read.csv")
    to your NAMESPACE file.
Flavors: r-devel-linux-x86_64-debian-clang, r-devel-linux-x86_64-debian-gcc, r-devel-linux-x86_64-fedora-clang, r-devel-linux-x86_64-fedora-gcc, r-devel-windows-ix86+x86_64, r-devel-windows-x86_64-gcc10-UCRT, r-patched-linux-x86_64, r-patched-solaris-x86, r-release-linux-x86_64, r-release-macos-x86_64, r-release-windows-ix86+x86_64, r-oldrel-macos-x86_64, r-oldrel-windows-ix86+x86_64