Last updated on 2022-05-24 02:52:51 CEST.
Flavor | Version | Tinstall | Tcheck | Ttotal | Status | Flags |
---|---|---|---|---|---|---|
r-devel-linux-x86_64-debian-clang | 2.0-1 | 13.22 | 114.43 | 127.65 | NOTE | |
r-devel-linux-x86_64-debian-gcc | 2.0-1 | 10.04 | 83.93 | 93.97 | NOTE | |
r-devel-linux-x86_64-fedora-clang | 2.0-1 | 151.92 | NOTE | |||
r-devel-linux-x86_64-fedora-gcc | 2.0-1 | 137.31 | NOTE | |||
r-devel-windows-x86_64 | 2.0-1 | 30.00 | 134.00 | 164.00 | NOTE | |
r-patched-linux-x86_64 | 2.0-1 | 10.02 | 111.83 | 121.85 | NOTE | |
r-release-linux-x86_64 | 2.0-1 | NOTE | ||||
r-release-macos-arm64 | 2.0-1 | 42.00 | NOTE | |||
r-release-macos-x86_64 | 2.0-1 | 79.00 | NOTE | |||
r-release-windows-x86_64 | 2.0-1 | 24.00 | 124.00 | 148.00 | NOTE | |
r-oldrel-macos-arm64 | 2.0-1 | 39.00 | NOTE | |||
r-oldrel-macos-x86_64 | 2.0-1 | 60.00 | NOTE | |||
r-oldrel-windows-ix86+x86_64 | 2.0-1 | 30.00 | 172.00 | 202.00 | NOTE |
Version: 2.0-1
Check: package dependencies
Result: NOTE
Depends: includes the non-default packages:
'spatstat.data', 'spatstat.sparse', 'spatstat.geom',
'spatstat.random', 'spatstat.core', 'spatstat.linnet', 'spatstat'
Adding so many packages to the search path is excessive and importing
selectively is preferable.
Flavors: r-devel-linux-x86_64-debian-clang, r-devel-linux-x86_64-debian-gcc, r-devel-linux-x86_64-fedora-clang, r-devel-linux-x86_64-fedora-gcc, r-devel-windows-x86_64, r-patched-linux-x86_64, r-release-linux-x86_64, r-release-macos-arm64, r-release-macos-x86_64, r-release-windows-x86_64, r-oldrel-macos-arm64, r-oldrel-macos-x86_64, r-oldrel-windows-ix86+x86_64