CRAN Package Check Results for Package spatstat.random

Last updated on 2022-05-24 02:52:51 CEST.

Flavor Version Tinstall Tcheck Ttotal Status Flags
r-devel-linux-x86_64-debian-clang 2.2-0 29.50 173.89 203.39 NOTE
r-devel-linux-x86_64-debian-gcc 2.2-0 29.41 129.64 159.05 NOTE
r-devel-linux-x86_64-fedora-clang 2.2-0 245.99 NOTE
r-devel-linux-x86_64-fedora-gcc 2.2-0 229.66 NOTE
r-devel-windows-x86_64 2.2-0 184.00 205.00 389.00 OK
r-patched-linux-x86_64 2.2-0 38.63 160.99 199.62 NOTE
r-release-linux-x86_64 2.2-0 NOTE
r-release-macos-arm64 2.2-0 64.00 OK
r-release-macos-x86_64 2.2-0 90.00 OK
r-release-windows-x86_64 2.2-0 182.00 194.00 376.00 OK
r-oldrel-macos-arm64 2.2-0 56.00 OK
r-oldrel-macos-x86_64 2.2-0 100.00 OK
r-oldrel-windows-ix86+x86_64 2.2-0 88.00 279.00 367.00 OK

Check Details

Version: 2.2-0
Check: package dependencies
Result: NOTE
    Package suggested but not available for checking: 'RandomFields'
Flavors: r-devel-linux-x86_64-debian-clang, r-devel-linux-x86_64-debian-gcc, r-devel-linux-x86_64-fedora-clang, r-devel-linux-x86_64-fedora-gcc, r-patched-linux-x86_64, r-release-linux-x86_64

Version: 2.2-0
Check: Rd cross-references
Result: NOTE
    Unknown package 'RandomFields' in Rd xrefs
Flavors: r-devel-linux-x86_64-debian-clang, r-devel-linux-x86_64-debian-gcc, r-devel-linux-x86_64-fedora-clang, r-devel-linux-x86_64-fedora-gcc, r-patched-linux-x86_64, r-release-linux-x86_64