CRAN Package Check Results for Package spdep

Last updated on 2021-06-12 02:49:33 CEST.

Flavor Version Tinstall Tcheck Ttotal Status Flags
r-devel-linux-x86_64-debian-clang 1.1-8 48.15 384.81 432.96 OK
r-devel-linux-x86_64-debian-gcc 1.1-8 36.78 276.01 312.79 OK
r-devel-linux-x86_64-fedora-clang 1.1-8 480.71 NOTE
r-devel-linux-x86_64-fedora-gcc 1.1-8 398.13 OK
r-devel-windows-x86_64 1.1-8 73.00 461.00 534.00 NOTE
r-devel-windows-x86_64-gcc10-UCRT 1.1-8 OK
r-patched-linux-x86_64 1.1-8 42.89 358.82 401.71 OK
r-patched-solaris-x86 1.1-8 618.10 NOTE
r-release-linux-x86_64 1.1-8 40.06 359.02 399.08 OK
r-release-macos-arm64 1.1-8 NOTE
r-release-macos-x86_64 1.1-8 NOTE
r-release-windows-ix86+x86_64 1.1-8 75.00 602.00 677.00 NOTE
r-oldrel-macos-x86_64 1.1-8 NOTE
r-oldrel-windows-ix86+x86_64 1.1-8 102.00 591.00 693.00 NOTE

Check Details

Version: 1.1-8
Check: installed package size
Result: NOTE
     installed size is 9.6Mb
     sub-directories of 1Mb or more:
     R 1.2Mb
     doc 6.1Mb
     etc 1.4Mb
Flavors: r-devel-linux-x86_64-fedora-clang, r-devel-windows-x86_64, r-patched-solaris-x86, r-release-macos-arm64, r-release-macos-x86_64, r-release-windows-ix86+x86_64, r-oldrel-macos-x86_64, r-oldrel-windows-ix86+x86_64

Version: 1.1-8
Check: package dependencies
Result: NOTE
    Package suggested but not available for checking: ‘tmap’
Flavor: r-release-macos-arm64