CRAN Package Check Results for Package speff2trial

Last updated on 2021-09-22 02:49:48 CEST.

Flavor Version Tinstall Tcheck Ttotal Status Flags
r-devel-linux-x86_64-debian-clang 1.0.4 7.54 66.75 74.29 NOTE
r-devel-linux-x86_64-debian-gcc 1.0.4 7.17 52.79 59.96 NOTE
r-devel-linux-x86_64-fedora-clang 1.0.4 95.36 NOTE
r-devel-linux-x86_64-fedora-gcc 1.0.4 87.13 NOTE
r-devel-windows-x86_64 1.0.4 8.00 64.00 72.00 NOTE
r-devel-windows-x86_64-gcc10-UCRT 1.0.4 ERROR
r-patched-linux-x86_64 1.0.4 6.46 64.98 71.44 NOTE
r-patched-solaris-x86 1.0.4 131.80 NOTE
r-release-linux-x86_64 1.0.4 7.66 63.39 71.05 NOTE
r-release-macos-arm64 1.0.4 NOTE
r-release-macos-x86_64 1.0.4 NOTE
r-release-windows-ix86+x86_64 1.0.4 16.00 60.00 76.00 NOTE
r-oldrel-macos-x86_64 1.0.4 NOTE
r-oldrel-windows-ix86+x86_64 1.0.4 16.00 59.00 75.00 NOTE

Check Details

Version: 1.0.4
Check: dependencies in R code
Result: NOTE
    'library' or 'require' call to 'leaps' which was already attached by Depends.
     Please remove these calls from your code.
Flavors: r-devel-linux-x86_64-debian-clang, r-devel-linux-x86_64-debian-gcc, r-devel-linux-x86_64-fedora-clang, r-devel-linux-x86_64-fedora-gcc, r-devel-windows-x86_64, r-devel-windows-x86_64-gcc10-UCRT, r-patched-linux-x86_64, r-patched-solaris-x86, r-release-linux-x86_64, r-release-macos-arm64, r-release-macos-x86_64, r-release-windows-ix86+x86_64, r-oldrel-macos-x86_64, r-oldrel-windows-ix86+x86_64

Version: 1.0.4
Check: R code for possible problems
Result: NOTE
    modSearch: no visible global function definition for 'glm'
    modSearch: no visible binding for global variable 'binomial'
    modSearch: no visible global function definition for 'na.omit'
    modSearch: no visible global function definition for 'as.formula'
    speff: no visible binding for global variable 'na.pass'
    speff: no visible global function definition for 'model.matrix'
    speff: no visible global function definition for 'terms'
    speff: no visible global function definition for 'model.response'
    speff: no visible global function definition for 'as.formula'
    speff: no visible global function definition for 'predict'
    speff: no visible global function definition for 'na.omit'
    speff: no visible global function definition for 'glm'
    speff: no visible binding for global variable 'na.omit'
    speffSurv: no visible global function definition for 'model.matrix'
    speffSurv: no visible global function definition for 'terms'
    speffSurv: no visible global function definition for 'model.response'
    speffSurv: no visible global function definition for 'as.formula'
    speffSurv: no visible global function definition for 'uniroot'
    summary.speff: no visible global function definition for 'qnorm'
    summary.speff: no visible global function definition for 'pnorm'
    summary.speffSurv: no visible global function definition for 'qnorm'
    summary.speffSurv: no visible global function definition for 'pnorm'
    Undefined global functions or variables:
     as.formula binomial glm model.matrix model.response na.omit na.pass
     pnorm predict qnorm terms uniroot
    Consider adding
     importFrom("stats", "as.formula", "binomial", "glm", "model.matrix",
     "model.response", "na.omit", "na.pass", "pnorm", "predict",
     "qnorm", "terms", "uniroot")
    to your NAMESPACE file.
Flavors: r-devel-linux-x86_64-debian-clang, r-devel-linux-x86_64-debian-gcc, r-devel-linux-x86_64-fedora-clang, r-devel-linux-x86_64-fedora-gcc, r-devel-windows-x86_64, r-devel-windows-x86_64-gcc10-UCRT, r-patched-linux-x86_64, r-patched-solaris-x86, r-release-linux-x86_64, r-release-macos-arm64, r-release-macos-x86_64, r-release-windows-ix86+x86_64, r-oldrel-macos-x86_64, r-oldrel-windows-ix86+x86_64

Version: 1.0.4
Check: whether package can be installed
Result: WARN
    Found the following significant warnings:
     WARNING: installation-time patches will not be applied, could not get the patches index
Flavor: r-devel-windows-x86_64-gcc10-UCRT

Version: 1.0.4
Check: PDF version of manual
Result: WARN
    LaTeX errors when creating PDF version.
    This typically indicates Rd problems.
Flavor: r-devel-windows-x86_64-gcc10-UCRT

Version: 1.0.4
Check: PDF version of manual without hyperrefs or index
Result: ERROR
    Re-running with no redirection of stdout/stderr.
Flavor: r-devel-windows-x86_64-gcc10-UCRT