CRAN Package Check Results for Package sphereplot

Last updated on 2022-01-29 02:50:03 CET.

Flavor Version Tinstall Tcheck Ttotal Status Flags
r-devel-linux-x86_64-debian-clang 1.5 3.79 46.99 50.78 NOTE
r-devel-linux-x86_64-debian-gcc 1.5 2.92 36.42 39.34 NOTE
r-devel-linux-x86_64-fedora-clang 1.5 59.06 NOTE
r-devel-linux-x86_64-fedora-gcc 1.5 48.99 NOTE
r-devel-windows-x86_64-new-UL 1.5 34.00 68.00 102.00 NOTE
r-devel-windows-x86_64-new-TK 1.5 NOTE
r-patched-linux-x86_64 1.5 2.40 43.57 45.97 NOTE
r-release-linux-x86_64 1.5 2.72 43.10 45.82 NOTE
r-release-macos-arm64 1.5 NOTE
r-release-macos-x86_64 1.5 NOTE
r-release-windows-ix86+x86_64 1.5 7.00 52.00 59.00 NOTE
r-oldrel-macos-x86_64 1.5 NOTE
r-oldrel-windows-ix86+x86_64 1.5 7.00 57.00 64.00 NOTE

Check Details

Version: 1.5
Check: dependencies in R code
Result: NOTE
    Package in Depends field not imported from: 'rgl'
     These packages need to be imported from (in the NAMESPACE file)
     for when this namespace is loaded but not attached.
Flavors: r-devel-linux-x86_64-debian-clang, r-devel-linux-x86_64-debian-gcc, r-devel-linux-x86_64-fedora-clang, r-devel-linux-x86_64-fedora-gcc, r-devel-windows-x86_64-new-UL, r-devel-windows-x86_64-new-TK, r-patched-linux-x86_64, r-release-linux-x86_64, r-release-macos-arm64, r-release-macos-x86_64, r-release-windows-ix86+x86_64, r-oldrel-macos-x86_64, r-oldrel-windows-ix86+x86_64

Version: 1.5
Check: R code for possible problems
Result: NOTE
    pointsphere: no visible global function definition for 'runif'
    rgl.sphMW: no visible global function definition for 'plot3d'
    rgl.sphcirc: no visible global function definition for 'rotate3d'
    rgl.sphcirc: no visible global function definition for 'lines3d'
    rgl.sphgrid: no visible global function definition for 'open3d'
    rgl.sphgrid: no visible global function definition for 'plot3d'
    rgl.sphgrid: no visible global function definition for 'lines3d'
    rgl.sphgrid: no visible global function definition for 'text3d'
    rgl.sphpoints: no visible global function definition for 'points3d'
    rgl.sphsun: no visible global function definition for 'plot3d'
    rgl.sphtext: no visible global function definition for 'text3d'
    Undefined global functions or variables:
     lines3d open3d plot3d points3d rotate3d runif text3d
    Consider adding
     importFrom("stats", "runif")
    to your NAMESPACE file.
Flavors: r-devel-linux-x86_64-debian-clang, r-devel-linux-x86_64-debian-gcc, r-devel-linux-x86_64-fedora-clang, r-devel-linux-x86_64-fedora-gcc, r-devel-windows-x86_64-new-UL, r-devel-windows-x86_64-new-TK, r-patched-linux-x86_64, r-release-linux-x86_64, r-release-macos-arm64, r-release-macos-x86_64, r-release-windows-ix86+x86_64, r-oldrel-macos-x86_64, r-oldrel-windows-ix86+x86_64