CRAN Package Check Results for Package spidR

Last updated on 2021-09-22 02:49:48 CEST.

Flavor Version Tinstall Tcheck Ttotal Status Flags
r-devel-linux-x86_64-debian-clang 1.0.1 9.44 85.69 95.13 OK
r-devel-linux-x86_64-debian-gcc 1.0.1 7.32 64.49 71.81 OK
r-devel-linux-x86_64-fedora-clang 1.0.1 119.93 OK
r-devel-linux-x86_64-fedora-gcc 1.0.1 108.67 OK
r-devel-windows-x86_64 1.0.1 14.00 106.00 120.00 OK
r-devel-windows-x86_64-gcc10-UCRT 1.0.1 ERROR
r-patched-linux-x86_64 1.0.1 9.43 78.50 87.93 OK
r-patched-solaris-x86 1.0.1 159.70 OK
r-release-linux-x86_64 1.0.1 8.82 78.59 87.41 OK
r-release-macos-arm64 1.0.1 OK
r-release-macos-x86_64 1.0.1 OK
r-release-windows-ix86+x86_64 1.0.1 40.00 103.00 143.00 OK
r-oldrel-macos-x86_64 1.0.1 OK
r-oldrel-windows-ix86+x86_64 1.0.1 34.00 108.00 142.00 OK

Check Details

Version: 1.0.1
Check: whether package can be installed
Result: WARN
    Found the following significant warnings:
     WARNING: installation-time patches will not be applied, could not get the patches index
Flavor: r-devel-windows-x86_64-gcc10-UCRT

Version: 1.0.1
Check: PDF version of manual
Result: WARN
    LaTeX errors when creating PDF version.
    This typically indicates Rd problems.
Flavor: r-devel-windows-x86_64-gcc10-UCRT

Version: 1.0.1
Check: PDF version of manual without hyperrefs or index
Result: ERROR
    Re-running with no redirection of stdout/stderr.
Flavor: r-devel-windows-x86_64-gcc10-UCRT