CRAN Package Check Results for Package splitfngr

Last updated on 2021-10-19 02:48:52 CEST.

Flavor Version Tinstall Tcheck Ttotal Status Flags
r-devel-linux-x86_64-debian-clang 0.1.2 1.76 20.43 22.19 NOTE
r-devel-linux-x86_64-debian-gcc 0.1.2 1.32 16.41 17.73 NOTE
r-devel-linux-x86_64-fedora-clang 0.1.2 37.53 NOTE
r-devel-linux-x86_64-fedora-gcc 0.1.2 26.66 NOTE
r-devel-windows-x86_64 0.1.2 3.00 33.00 36.00 NOTE
r-devel-windows-x86_64-gcc10-UCRT 0.1.2 NOTE
r-patched-linux-x86_64 0.1.2 1.86 19.94 21.80 NOTE
r-patched-solaris-x86 0.1.2 45.50 NOTE
r-release-linux-x86_64 0.1.2 1.70 19.84 21.54 NOTE
r-release-macos-arm64 0.1.2 NOTE
r-release-macos-x86_64 0.1.2 NOTE
r-release-windows-ix86+x86_64 0.1.2 4.00 36.00 40.00 NOTE
r-oldrel-macos-x86_64 0.1.2 OK
r-oldrel-windows-ix86+x86_64 0.1.2 6.00 38.00 44.00 OK

Check Details

Version: 0.1.2
Check: LazyData
Result: NOTE
     'LazyData' is specified without a 'data' directory
Flavors: r-devel-linux-x86_64-debian-clang, r-devel-linux-x86_64-debian-gcc, r-devel-linux-x86_64-fedora-clang, r-devel-linux-x86_64-fedora-gcc, r-devel-windows-x86_64, r-devel-windows-x86_64-gcc10-UCRT, r-patched-linux-x86_64, r-patched-solaris-x86, r-release-linux-x86_64, r-release-macos-arm64, r-release-macos-x86_64, r-release-windows-ix86+x86_64