CRAN Package Check Results for Package stability

Last updated on 2022-01-27 02:51:43 CET.

Flavor Version Tinstall Tcheck Ttotal Status Flags
r-devel-linux-x86_64-debian-clang 0.5.0 12.82 128.70 141.52 OK
r-devel-linux-x86_64-debian-gcc 0.5.0 11.07 96.27 107.34 OK
r-devel-linux-x86_64-fedora-clang 0.5.0 162.31 OK
r-devel-linux-x86_64-fedora-gcc 0.5.0 155.42 OK
r-devel-windows-x86_64-new-UL 0.5.0 47.00 144.00 191.00 OK
r-devel-windows-x86_64-new-TK 0.5.0 ERROR
r-patched-linux-x86_64 0.5.0 12.27 115.33 127.60 OK
r-release-linux-x86_64 0.5.0 14.14 114.63 128.77 OK
r-release-macos-arm64 0.5.0 OK
r-release-macos-x86_64 0.5.0 OK
r-release-windows-ix86+x86_64 0.5.0 30.00 135.00 165.00 OK
r-oldrel-macos-x86_64 0.5.0 OK
r-oldrel-windows-ix86+x86_64 0.5.0 30.00 138.00 168.00 OK

Check Details

Version: 0.5.0
Check: package dependencies
Result: ERROR
    Package required but not available: 'lme4'
    
    See section 'The DESCRIPTION file' in the 'Writing R Extensions'
    manual.
Flavor: r-devel-windows-x86_64-new-TK