CRAN Package Check Results for Package statnetWeb

Last updated on 2021-09-18 02:52:12 CEST.

Flavor Version Tinstall Tcheck Ttotal Status Flags
r-devel-linux-x86_64-debian-clang 0.5.6 9.38 85.40 94.78 NOTE
r-devel-linux-x86_64-debian-gcc 0.5.6 8.30 63.61 71.91 NOTE
r-devel-linux-x86_64-fedora-clang 0.5.6 117.86 NOTE
r-devel-linux-x86_64-fedora-gcc 0.5.6 105.79 NOTE
r-devel-windows-x86_64 0.5.6 12.00 106.00 118.00 NOTE
r-devel-windows-x86_64-gcc10-UCRT 0.5.6 NOTE
r-patched-linux-x86_64 0.5.6 10.25 79.50 89.75 NOTE
r-patched-solaris-x86 0.5.6 168.10 NOTE
r-release-linux-x86_64 0.5.6 9.83 78.17 88.00 NOTE
r-release-macos-arm64 0.5.6 NOTE
r-release-macos-x86_64 0.5.6 NOTE
r-release-windows-ix86+x86_64 0.5.6 22.00 75.00 97.00 NOTE
r-oldrel-macos-x86_64 0.5.6 OK
r-oldrel-windows-ix86+x86_64 0.5.6 23.00 79.00 102.00 OK

Check Details

Version: 0.5.6
Check: LazyData
Result: NOTE
     'LazyData' is specified without a 'data' directory
Flavors: r-devel-linux-x86_64-debian-clang, r-devel-linux-x86_64-debian-gcc, r-devel-linux-x86_64-fedora-clang, r-devel-linux-x86_64-fedora-gcc, r-devel-windows-x86_64, r-devel-windows-x86_64-gcc10-UCRT, r-patched-linux-x86_64, r-patched-solaris-x86, r-release-linux-x86_64, r-release-macos-arm64, r-release-macos-x86_64, r-release-windows-ix86+x86_64