CRAN Package Check Results for Package steadyICA

Last updated on 2021-10-20 02:50:21 CEST.

Flavor Version Tinstall Tcheck Ttotal Status Flags
r-devel-linux-x86_64-debian-clang 1.0 12.25 47.01 59.26 OK
r-devel-linux-x86_64-debian-gcc 1.0 9.78 36.18 45.96 OK
r-devel-linux-x86_64-fedora-clang 1.0 87.26 NOTE
r-devel-linux-x86_64-fedora-gcc 1.0 73.72 NOTE
r-devel-windows-x86_64 1.0 20.00 65.00 85.00 OK
r-devel-windows-x86_64-gcc10-UCRT 1.0 OK
r-patched-linux-x86_64 1.0 11.89 44.86 56.75 OK
r-patched-solaris-x86 1.0 103.30 OK
r-release-linux-x86_64 1.0 10.94 45.20 56.14 OK
r-release-macos-arm64 1.0 OK
r-release-macos-x86_64 1.0 OK
r-release-windows-ix86+x86_64 1.0 31.00 110.00 141.00 OK
r-oldrel-macos-x86_64 1.0 OK
r-oldrel-windows-ix86+x86_64 1.0 38.00 107.00 145.00 OK

Check Details

Version: 1.0
Check: compiled code
Result: NOTE
    File ‘steadyICA/libs/steadyICA.so’:
     Found no calls to: ‘R_registerRoutines’, ‘R_useDynamicSymbols’
    
    It is good practice to register native routines and to disable symbol
    search.
    
    See ‘Writing portable packages’ in the ‘Writing R Extensions’ manual.
Flavors: r-devel-linux-x86_64-fedora-clang, r-devel-linux-x86_64-fedora-gcc