Last updated on 2023-03-29 02:55:40 CEST.
Flavor | Version | Tinstall | Tcheck | Ttotal | Status | Flags |
---|---|---|---|---|---|---|
r-devel-linux-x86_64-debian-clang | 1.1.2 | 16.77 | 157.32 | 174.09 | OK | |
r-devel-linux-x86_64-debian-gcc | 1.1.2 | 12.51 | 118.38 | 130.89 | OK | |
r-devel-linux-x86_64-fedora-clang | 1.1.2 | 215.60 | NOTE | |||
r-devel-linux-x86_64-fedora-gcc | 1.1.2 | 224.87 | OK | |||
r-patched-linux-x86_64 | 1.1.2 | 16.23 | 149.63 | 165.86 | OK | |
r-release-linux-x86_64 | 1.1.2 | 12.47 | 152.00 | 164.47 | OK | |
r-release-macos-arm64 | 1.1.2 | 62.00 | NOTE | |||
r-release-macos-x86_64 | 1.1.2 | 84.00 | NOTE | |||
r-release-windows-x86_64 | 1.1.2 | 34.00 | 203.00 | 237.00 | NOTE | |
r-oldrel-macos-arm64 | 1.1.2 | 56.00 | NOTE | |||
r-oldrel-macos-x86_64 | 1.1.2 | 83.00 | NOTE | |||
r-oldrel-windows-ix86+x86_64 | 1.1.2 | 32.00 | 193.00 | 225.00 | NOTE |
Version: 1.1.2
Check: installed package size
Result: NOTE
installed size is 6.8Mb
sub-directories of 1Mb or more:
data 6.3Mb
Flavors: r-devel-linux-x86_64-fedora-clang, r-release-macos-arm64, r-release-macos-x86_64, r-release-windows-x86_64, r-oldrel-macos-arm64, r-oldrel-macos-x86_64, r-oldrel-windows-ix86+x86_64