CRAN Package Check Results for Package stressr

Last updated on 2022-08-14 02:51:57 CEST.

Flavor Version Tinstall Tcheck Ttotal Status Flags
r-devel-linux-x86_64-debian-clang 1.0.0 4.07 46.32 50.39 NOTE
r-devel-linux-x86_64-debian-gcc 1.0.0 3.11 36.24 39.35 NOTE
r-devel-linux-x86_64-fedora-clang 1.0.0 72.35 NOTE
r-devel-linux-x86_64-fedora-gcc 1.0.0 70.72 NOTE
r-devel-windows-x86_64 1.0.0 17.00 72.00 89.00 NOTE
r-patched-linux-x86_64 1.0.0 4.91 44.76 49.67 NOTE
r-release-linux-x86_64 1.0.0 3.67 45.71 49.38 NOTE
r-release-macos-arm64 1.0.0 23.00 NOTE
r-release-macos-x86_64 1.0.0 32.00 NOTE
r-release-windows-x86_64 1.0.0 19.00 77.00 96.00 NOTE
r-oldrel-macos-arm64 1.0.0 25.00 NOTE
r-oldrel-macos-x86_64 1.0.0 38.00 NOTE
r-oldrel-windows-ix86+x86_64 1.0.0 10.00 74.00 84.00 NOTE

Check Details

Version: 1.0.0
Check: DESCRIPTION meta-information
Result: NOTE
    Malformed Title field: should not end in a period.
Flavors: r-devel-linux-x86_64-debian-clang, r-devel-linux-x86_64-debian-gcc, r-devel-linux-x86_64-fedora-clang, r-devel-linux-x86_64-fedora-gcc, r-devel-windows-x86_64, r-patched-linux-x86_64, r-release-linux-x86_64, r-release-macos-arm64, r-release-macos-x86_64, r-release-windows-x86_64, r-oldrel-macos-arm64, r-oldrel-macos-x86_64, r-oldrel-windows-ix86+x86_64