Last updated on 2023-02-09 02:53:27 CET.
Flavor | Version | Tinstall | Tcheck | Ttotal | Status | Flags |
---|---|---|---|---|---|---|
r-devel-linux-x86_64-debian-clang | 1.5-3 | 9.68 | 112.33 | 122.01 | NOTE | |
r-devel-linux-x86_64-debian-gcc | 1.5-3 | 6.85 | 81.67 | 88.52 | NOTE | |
r-devel-linux-x86_64-fedora-clang | 1.5-3 | 148.60 | NOTE | |||
r-devel-linux-x86_64-fedora-gcc | 1.5-3 | 148.55 | NOTE | |||
r-devel-windows-x86_64 | 1.5-3 | 85.00 | 179.00 | 264.00 | NOTE | |
r-patched-linux-x86_64 | 1.5-3 | 11.41 | 104.50 | 115.91 | NOTE | |
r-release-linux-x86_64 | 1.5-3 | 8.56 | 109.94 | 118.50 | NOTE | |
r-release-macos-arm64 | 1.5-3 | 46.00 | NOTE | |||
r-release-macos-x86_64 | 1.5-3 | 57.00 | NOTE | |||
r-release-windows-x86_64 | 1.5-3 | 94.00 | 173.00 | 267.00 | NOTE | |
r-oldrel-macos-arm64 | 1.5-3 | 40.00 | NOTE | |||
r-oldrel-macos-x86_64 | 1.5-3 | 58.00 | NOTE | |||
r-oldrel-windows-ix86+x86_64 | 1.5-3 | 20.00 | 188.00 | 208.00 | NOTE |
Version: 1.5-3
Check: R code for possible problems
Result: NOTE
efpFunctional: multiple local function definitions for ‘plotProcess’
with different formal arguments
mefp.efp: multiple local function definitions for ‘computeEmpProc’ with
different formal arguments
Flavors: r-devel-linux-x86_64-debian-clang, r-devel-linux-x86_64-debian-gcc, r-devel-linux-x86_64-fedora-clang, r-devel-linux-x86_64-fedora-gcc, r-devel-windows-x86_64, r-patched-linux-x86_64, r-release-linux-x86_64, r-release-macos-arm64, r-release-macos-x86_64, r-release-windows-x86_64, r-oldrel-macos-arm64, r-oldrel-macos-x86_64, r-oldrel-windows-ix86+x86_64