Last updated on 2022-07-01 02:54:29 CEST.
Flavor | Version | Tinstall | Tcheck | Ttotal | Status | Flags |
---|---|---|---|---|---|---|
r-devel-linux-x86_64-debian-clang | 1.7.0 | 13.14 | 410.18 | 423.32 | NOTE | |
r-devel-linux-x86_64-debian-gcc | 1.7.0 | 8.63 | 289.12 | 297.75 | NOTE | |
r-devel-linux-x86_64-fedora-clang | 1.7.0 | 474.73 | NOTE | |||
r-devel-linux-x86_64-fedora-gcc | 1.7.0 | 485.46 | NOTE | |||
r-devel-windows-x86_64 | 1.7.0 | 477.00 | 466.00 | 943.00 | NOTE | |
r-patched-linux-x86_64 | 1.7.0 | 14.26 | 384.38 | 398.64 | OK | |
r-release-linux-x86_64 | 1.7.0 | 12.33 | 378.41 | 390.74 | OK | |
r-release-macos-arm64 | 1.7.0 | 115.00 | OK | |||
r-release-macos-x86_64 | 1.7.0 | 163.00 | OK | |||
r-release-windows-x86_64 | 1.7.0 | 483.00 | 465.00 | 948.00 | OK | |
r-oldrel-macos-arm64 | 1.7.0 | 116.00 | OK | |||
r-oldrel-macos-x86_64 | 1.7.0 | 169.00 | OK | |||
r-oldrel-windows-ix86+x86_64 | 1.7.0 | 23.00 | 489.00 | 512.00 | OK |
Version: 1.7.0
Check: Rd files
Result: NOTE
checkRd: (-1) is_shebang.Rd:14: Escaped LaTeX specials: \#
Flavors: r-devel-linux-x86_64-debian-clang, r-devel-linux-x86_64-debian-gcc, r-devel-linux-x86_64-fedora-clang, r-devel-linux-x86_64-fedora-gcc, r-devel-windows-x86_64