CRAN Package Check Results for Package summarytools

Last updated on 2021-10-16 02:49:45 CEST.

Flavor Version Tinstall Tcheck Ttotal Status Flags
r-devel-linux-x86_64-debian-clang 1.0.0 19.89 120.37 140.26 OK
r-devel-linux-x86_64-debian-gcc 1.0.0 14.86 89.94 104.80 OK
r-devel-linux-x86_64-fedora-clang 1.0.0 185.12 NOTE
r-devel-linux-x86_64-fedora-gcc 1.0.0 166.98 NOTE
r-devel-windows-x86_64 1.0.0 24.00 102.00 126.00 OK
r-devel-windows-x86_64-gcc10-UCRT 1.0.0 NOTE
r-patched-linux-x86_64 1.0.0 19.61 118.46 138.07 OK
r-patched-solaris-x86 1.0.0 217.80 NOTE
r-release-linux-x86_64 1.0.0 18.45 116.92 135.37 OK
r-release-macos-arm64 1.0.0 NOTE
r-release-macos-x86_64 1.0.0 NOTE
r-release-windows-ix86+x86_64 1.0.0 31.00 135.00 166.00 OK
r-oldrel-macos-x86_64 1.0.0 NOTE
r-oldrel-windows-ix86+x86_64 1.0.0 30.00 134.00 164.00 OK

Check Details

Version: 1.0.0
Check: data for non-ASCII characters
Result: NOTE
     Note: found 78 marked UTF-8 strings
Flavors: r-devel-linux-x86_64-fedora-clang, r-devel-linux-x86_64-fedora-gcc, r-devel-windows-x86_64-gcc10-UCRT, r-patched-solaris-x86, r-release-macos-arm64, r-release-macos-x86_64, r-oldrel-macos-x86_64