Last updated on 2023-03-31 03:52:44 CEST.
Flavor | Version | Tinstall | Tcheck | Ttotal | Status | Flags |
---|---|---|---|---|---|---|
r-devel-linux-x86_64-debian-clang | 1.1.1 | 6.67 | 54.08 | 60.75 | NOTE | |
r-devel-linux-x86_64-debian-gcc | 1.1.1 | 5.62 | 40.57 | 46.19 | NOTE | |
r-devel-linux-x86_64-fedora-clang | 1.1.1 | 81.73 | NOTE | |||
r-devel-linux-x86_64-fedora-gcc | 1.1.1 | 71.85 | NOTE | |||
r-patched-linux-x86_64 | 1.1.1 | 11.16 | 50.78 | 61.94 | NOTE | |
r-release-linux-x86_64 | 1.1.1 | 6.17 | 52.33 | 58.50 | NOTE | |
r-release-macos-arm64 | 1.1.1 | 27.00 | OK | |||
r-release-macos-x86_64 | 1.1.1 | 37.00 | OK | |||
r-release-windows-x86_64 | 1.1.1 | 18.00 | 86.00 | 104.00 | OK | |
r-oldrel-macos-arm64 | 1.1.1 | 30.00 | OK | |||
r-oldrel-macos-x86_64 | 1.1.1 | 35.00 | OK | |||
r-oldrel-windows-ix86+x86_64 | 1.1.1 | 17.00 | 86.00 | 103.00 | OK |
Version: 1.1.1
Check: package dependencies
Result: NOTE
Package suggested but not available for checking: ‘extraTrees’
Flavors: r-devel-linux-x86_64-debian-clang, r-devel-linux-x86_64-debian-gcc, r-devel-linux-x86_64-fedora-clang, r-devel-linux-x86_64-fedora-gcc, r-patched-linux-x86_64, r-release-linux-x86_64