CRAN Package Check Results for Package superheat

Last updated on 2022-08-16 04:53:51 CEST.

Flavor Version Tinstall Tcheck Ttotal Status Flags
r-devel-linux-x86_64-debian-clang 0.1.0 4.47 147.65 152.12 NOTE
r-devel-linux-x86_64-debian-gcc 0.1.0 4.01 102.79 106.80 NOTE
r-devel-linux-x86_64-fedora-clang 0.1.0 176.99 NOTE
r-devel-linux-x86_64-fedora-gcc 0.1.0 177.95 NOTE
r-devel-windows-x86_64 0.1.0 8.00 160.00 168.00 NOTE
r-patched-linux-x86_64 0.1.0 4.39 136.02 140.41 NOTE
r-release-linux-x86_64 0.1.0 3.02 135.90 138.92 NOTE
r-release-macos-arm64 0.1.0 46.00 NOTE
r-release-macos-x86_64 0.1.0 73.00 NOTE
r-release-windows-x86_64 0.1.0 10.00 159.00 169.00 NOTE
r-oldrel-macos-arm64 0.1.0 56.00 NOTE
r-oldrel-macos-x86_64 0.1.0 83.00 NOTE
r-oldrel-windows-ix86+x86_64 0.1.0 9.00 171.00 180.00 NOTE

Check Details

Version: 0.1.0
Check: LazyData
Result: NOTE
     'LazyData' is specified without a 'data' directory
Flavors: r-devel-linux-x86_64-debian-clang, r-devel-linux-x86_64-debian-gcc, r-devel-linux-x86_64-fedora-clang, r-devel-linux-x86_64-fedora-gcc, r-devel-windows-x86_64, r-patched-linux-x86_64, r-release-linux-x86_64, r-release-macos-arm64, r-release-macos-x86_64, r-release-windows-x86_64, r-oldrel-macos-arm64, r-oldrel-macos-x86_64, r-oldrel-windows-ix86+x86_64