CRAN Package Check Results for Package sure

Last updated on 2021-09-17 02:49:07 CEST.

Flavor Version Tinstall Tcheck Ttotal Status Flags
r-devel-linux-x86_64-debian-clang 0.2.0 5.55 52.67 58.22 OK
r-devel-linux-x86_64-debian-gcc 0.2.0 3.53 38.95 42.48 OK
r-devel-linux-x86_64-fedora-clang 0.2.0 78.99 NOTE
r-devel-linux-x86_64-fedora-gcc 0.2.0 65.29 OK
r-devel-windows-x86_64 0.2.0 7.00 71.00 78.00 OK
r-devel-windows-x86_64-gcc10-UCRT 0.2.0 OK
r-patched-linux-x86_64 0.2.0 4.77 48.25 53.02 OK
r-patched-solaris-x86 0.2.0 97.90 OK
r-release-linux-x86_64 0.2.0 5.26 48.65 53.91 OK
r-release-macos-arm64 0.2.0 OK
r-release-macos-x86_64 0.2.0 OK
r-release-windows-ix86+x86_64 0.2.0 13.00 52.00 65.00 OK
r-oldrel-macos-x86_64 0.2.0 OK
r-oldrel-windows-ix86+x86_64 0.2.0 10.00 70.00 80.00 OK

Check Details

Version: 0.2.0
Check: Rd cross-references
Result: NOTE
    Undeclared package ‘truncdist’ in Rd xrefs
Flavor: r-devel-linux-x86_64-fedora-clang