CRAN Package Check Results for Package survParamSim

Last updated on 2021-08-04 02:50:19 CEST.

Flavor Version Tinstall Tcheck Ttotal Status Flags
r-devel-linux-x86_64-debian-clang 0.1.5 3.53 169.17 172.70 OK
r-devel-linux-x86_64-debian-gcc 0.1.5 2.80 121.89 124.69 OK
r-devel-linux-x86_64-fedora-clang 0.1.5 199.63 OK
r-devel-linux-x86_64-fedora-gcc 0.1.5 195.06 OK
r-devel-windows-x86_64 0.1.5 13.00 200.00 213.00 OK
r-devel-windows-x86_64-gcc10-UCRT 0.1.5 OK
r-patched-linux-x86_64 0.1.5 4.06 156.47 160.53 OK
r-patched-solaris-x86 0.1.5 234.80 OK
r-release-linux-x86_64 0.1.5 3.60 158.41 162.01 OK
r-release-macos-arm64 0.1.5 WARN
r-release-macos-x86_64 0.1.5 OK
r-release-windows-ix86+x86_64 0.1.5 8.00 150.00 158.00 OK
r-oldrel-macos-x86_64 0.1.5 OK
r-oldrel-windows-ix86+x86_64 0.1.5 12.00 219.00 231.00 OK

Check Details

Version: 0.1.5
Check: re-building of vignette outputs
Result: WARN
    Error(s) in re-building vignettes:
     ...
    --- re-building ‘survParamSim.Rmd’ using rmarkdown
    Warning in engine$weave(file, quiet = quiet, encoding = enc) :
     Pandoc (>= 1.12.3) not available. Falling back to R Markdown v1.
    Quitting from lines 53-58 (survParamSim.Rmd)
    Error: processing vignette 'survParamSim.Rmd' failed with diagnostics:
    polygon edge not found
    --- failed re-building ‘survParamSim.Rmd’
    
    SUMMARY: processing the following file failed:
     ‘survParamSim.Rmd’
    
    Error: Vignette re-building failed.
    Execution halted
Flavor: r-release-macos-arm64