CRAN Package Check Results for Package svrpath

Last updated on 2022-05-23 02:53:50 CEST.

Flavor Version Tinstall Tcheck Ttotal Status Flags
r-devel-linux-x86_64-debian-clang 0.1.2 5.92 58.54 64.46 NOTE
r-devel-linux-x86_64-debian-gcc 0.1.2 4.57 44.51 49.08 NOTE
r-devel-linux-x86_64-fedora-clang 0.1.2 77.58 NOTE
r-devel-linux-x86_64-fedora-gcc 0.1.2 66.80 NOTE
r-devel-windows-x86_64 0.1.2 19.00 74.00 93.00 NOTE
r-patched-linux-x86_64 0.1.2 6.47 56.90 63.37 NOTE
r-release-linux-x86_64 0.1.2 5.29 55.97 61.26 NOTE
r-release-macos-arm64 0.1.2 21.00 NOTE
r-release-macos-x86_64 0.1.2 33.00 NOTE
r-release-windows-x86_64 0.1.2 10.00 74.00 84.00 NOTE
r-oldrel-macos-arm64 0.1.2 23.00 NOTE
r-oldrel-macos-x86_64 0.1.2 36.00 NOTE
r-oldrel-windows-ix86+x86_64 0.1.2 12.00 71.00 83.00 NOTE

Check Details

Version: 0.1.2
Check: LazyData
Result: NOTE
     'LazyData' is specified without a 'data' directory
Flavors: r-devel-linux-x86_64-debian-clang, r-devel-linux-x86_64-debian-gcc, r-devel-linux-x86_64-fedora-clang, r-devel-linux-x86_64-fedora-gcc, r-devel-windows-x86_64, r-patched-linux-x86_64, r-release-linux-x86_64, r-release-macos-arm64, r-release-macos-x86_64, r-release-windows-x86_64, r-oldrel-macos-arm64, r-oldrel-macos-x86_64, r-oldrel-windows-ix86+x86_64